CRAN Package Check Results for Package MSIseq

Last updated on 2019-01-19 00:46:34 CET.

Flavor Version Tinstall Tcheck Ttotal Status Flags
r-devel-linux-x86_64-debian-clang 1.0.0 11.52 295.71 307.23 NOTE
r-devel-linux-x86_64-debian-gcc 1.0.0 7.81 234.14 241.95 NOTE
r-devel-linux-x86_64-fedora-clang 1.0.0 379.57 NOTE
r-devel-linux-x86_64-fedora-gcc 1.0.0 375.24 NOTE
r-devel-windows-ix86+x86_64 1.0.0 28.00 145.00 173.00 NOTE --no-vignettes
r-patched-linux-x86_64 1.0.0 11.51 285.12 296.63 NOTE
r-release-linux-x86_64 1.0.0 10.53 284.62 295.15 NOTE
r-release-windows-ix86+x86_64 1.0.0 20.00 151.00 171.00 NOTE --no-vignettes
r-release-osx-x86_64 1.0.0 NOTE
r-oldrel-windows-ix86+x86_64 1.0.0 21.00 102.00 123.00 NOTE --no-vignettes
r-oldrel-osx-x86_64 1.0.0 NOTE

Check Details

Version: 1.0.0
Check: R code for possible problems
Result: NOTE
    MSIseq.classify: no visible global function definition for ‘predict’
    Undefined global functions or variables:
     predict
    Consider adding
     importFrom("stats", "predict")
    to your NAMESPACE file.
Flavors: r-devel-linux-x86_64-debian-clang, r-devel-linux-x86_64-debian-gcc, r-devel-linux-x86_64-fedora-clang, r-devel-linux-x86_64-fedora-gcc, r-patched-linux-x86_64, r-release-linux-x86_64, r-release-osx-x86_64, r-oldrel-osx-x86_64

Version: 1.0.0
Flags: --no-vignettes
Check: R code for possible problems
Result: NOTE
    MSIseq.classify: no visible global function definition for 'predict'
    Undefined global functions or variables:
     predict
    Consider adding
     importFrom("stats", "predict")
    to your NAMESPACE file.
Flavors: r-devel-windows-ix86+x86_64, r-release-windows-ix86+x86_64, r-oldrel-windows-ix86+x86_64