CRAN Package Check Results for Package MetaLandSim

Last updated on 2019-01-19 00:46:32 CET.

Flavor Version Tinstall Tcheck Ttotal Status Flags
r-devel-linux-x86_64-debian-clang 1.0.5 24.88 272.24 297.12 OK
r-devel-linux-x86_64-debian-gcc 1.0.5 18.56 202.18 220.74 OK
r-devel-linux-x86_64-fedora-clang 1.0.5 342.04 NOTE
r-devel-linux-x86_64-fedora-gcc 1.0.5 325.54 NOTE
r-devel-windows-ix86+x86_64 1.0.5 40.00 361.00 401.00 OK
r-patched-linux-x86_64 1.0.5 18.18 231.28 249.46 OK
r-patched-solaris-x86 1.0.5 514.70 NOTE
r-release-linux-x86_64 1.0.5 22.07 231.26 253.33 OK
r-release-windows-ix86+x86_64 1.0.5 39.00 321.00 360.00 OK
r-release-osx-x86_64 1.0.5 NOTE
r-oldrel-windows-ix86+x86_64 1.0.5 30.00 265.00 295.00 OK
r-oldrel-osx-x86_64 1.0.5 NOTE

Check Details

Version: 1.0.5
Check: dependencies in R code
Result: NOTE
    Namespace in Imports field not imported from: ‘knitr’
     All declared Imports should be used.
Flavors: r-devel-linux-x86_64-fedora-clang, r-devel-linux-x86_64-fedora-gcc, r-patched-solaris-x86, r-release-osx-x86_64, r-oldrel-osx-x86_64