Last updated on 2019-01-19 00:46:32 CET.
Flavor | Version | Tinstall | Tcheck | Ttotal | Status | Flags |
---|---|---|---|---|---|---|
r-devel-linux-x86_64-debian-clang | 1.0 | 23.62 | 22.06 | 45.68 | OK | |
r-devel-linux-x86_64-debian-gcc | 1.0 | 21.86 | 17.49 | 39.35 | OK | |
r-devel-linux-x86_64-fedora-clang | 1.0 | 65.66 | NOTE | |||
r-devel-linux-x86_64-fedora-gcc | 1.0 | 61.18 | NOTE | |||
r-devel-windows-ix86+x86_64 | 1.0 | 58.00 | 69.00 | 127.00 | OK | |
r-patched-linux-x86_64 | 1.0 | 30.27 | 20.26 | 50.53 | OK | |
r-patched-solaris-x86 | 1.0 | 66.40 | OK | |||
r-release-linux-x86_64 | 1.0 | 25.29 | 20.04 | 45.33 | OK | |
r-release-windows-ix86+x86_64 | 1.0 | 61.00 | 66.00 | 127.00 | OK | |
r-release-osx-x86_64 | 1.0 | OK | ||||
r-oldrel-windows-ix86+x86_64 | 1.0 | 63.00 | 51.00 | 114.00 | OK | |
r-oldrel-osx-x86_64 | 1.0 | OK |
Version: 1.0
Check: compiled code
Result: NOTE
File ‘MetaheuristicFPA/libs/MetaheuristicFPA.so’:
Found no calls to: ‘R_registerRoutines’, ‘R_useDynamicSymbols’
It is good practice to register native routines and to disable symbol
search.
See ‘Writing portable packages’ in the ‘Writing R Extensions’ manual.
Flavors: r-devel-linux-x86_64-fedora-clang, r-devel-linux-x86_64-fedora-gcc