Last updated on 2019-01-19 00:46:34 CET.
Flavor | Version | Tinstall | Tcheck | Ttotal | Status | Flags |
---|---|---|---|---|---|---|
r-devel-linux-x86_64-debian-clang | 0.0-67 | 4.86 | 28.29 | 33.15 | NOTE | |
r-devel-linux-x86_64-debian-gcc | 0.0-67 | 3.51 | 22.93 | 26.44 | NOTE | |
r-devel-linux-x86_64-fedora-clang | 0.0-67 | 39.66 | NOTE | |||
r-devel-linux-x86_64-fedora-gcc | 0.0-67 | 37.71 | NOTE | |||
r-devel-windows-ix86+x86_64 | 0.0-67 | 10.00 | 57.00 | 67.00 | NOTE | |
r-patched-linux-x86_64 | 0.0-67 | 4.88 | 26.91 | 31.79 | NOTE | |
r-patched-solaris-x86 | 0.0-67 | 60.90 | NOTE | |||
r-release-linux-x86_64 | 0.0-67 | 4.31 | 26.70 | 31.01 | NOTE | |
r-release-windows-ix86+x86_64 | 0.0-67 | 9.00 | 65.00 | 74.00 | NOTE | |
r-release-osx-x86_64 | 0.0-67 | NOTE | ||||
r-oldrel-windows-ix86+x86_64 | 0.0-67 | 10.00 | 60.00 | 70.00 | NOTE | |
r-oldrel-osx-x86_64 | 0.0-67 | NOTE |
Version: 0.0-67
Check: R code for possible problems
Result: NOTE
PrbMlt.default: no visible binding for global variable ‘na.omit’
PrbMlt.default: no visible global function definition for ‘anova’
Undefined global functions or variables:
anova na.omit
Consider adding
importFrom("stats", "anova", "na.omit")
to your NAMESPACE file.
Flavors: r-devel-linux-x86_64-debian-clang, r-devel-linux-x86_64-debian-gcc, r-devel-linux-x86_64-fedora-clang, r-devel-linux-x86_64-fedora-gcc, r-devel-windows-ix86+x86_64, r-patched-linux-x86_64, r-patched-solaris-x86, r-release-linux-x86_64, r-release-windows-ix86+x86_64, r-release-osx-x86_64, r-oldrel-windows-ix86+x86_64, r-oldrel-osx-x86_64
Version: 0.0-67
Check: installed package size
Result: NOTE
installed size is 5.1Mb
sub-directories of 1Mb or more:
data 5.0Mb
Flavors: r-devel-linux-x86_64-fedora-clang, r-devel-windows-ix86+x86_64, r-patched-solaris-x86, r-release-windows-ix86+x86_64, r-release-osx-x86_64, r-oldrel-windows-ix86+x86_64, r-oldrel-osx-x86_64