CRAN Package Check Results for Package NPBayesImputeCat

Last updated on 2019-01-19 00:46:35 CET.

Flavor Version Tinstall Tcheck Ttotal Status Flags
r-devel-linux-x86_64-debian-clang 0.1 35.48 33.14 68.62 WARN
r-devel-linux-x86_64-debian-gcc 0.1 29.92 26.36 56.28 OK
r-devel-linux-x86_64-fedora-clang 0.1 98.31 WARN
r-devel-linux-x86_64-fedora-gcc 0.1 84.62 OK
r-devel-windows-ix86+x86_64 0.1 97.00 81.00 178.00 OK
r-patched-linux-x86_64 0.1 37.16 30.68 67.84 OK
r-patched-solaris-x86 0.1 103.10 OK
r-release-linux-x86_64 0.1 36.59 30.95 67.54 OK
r-release-windows-ix86+x86_64 0.1 90.00 79.00 169.00 OK
r-release-osx-x86_64 0.1 WARN
r-oldrel-windows-ix86+x86_64 0.1 107.00 62.00 169.00 OK
r-oldrel-osx-x86_64 0.1 OK

Check Details

Version: 0.1
Check: whether package can be installed
Result: WARN
    Found the following significant warnings:
     ./SpecialFunctions.h:122:3: warning: 'register' storage class specifier is deprecated and incompatible with C++17 [-Wdeprecated-register]
     ./SpecialFunctions.h:153:3: warning: 'register' storage class specifier is deprecated and incompatible with C++17 [-Wdeprecated-register]
     ./SpecialFunctions.h:154:3: warning: 'register' storage class specifier is deprecated and incompatible with C++17 [-Wdeprecated-register]
     ./SpecialFunctions.h:155:3: warning: 'register' storage class specifier is deprecated and incompatible with C++17 [-Wdeprecated-register]
     ./SpecialFunctions.h:197:3: warning: 'register' storage class specifier is deprecated and incompatible with C++17 [-Wdeprecated-register]
     ./SpecialFunctions.h:198:3: warning: 'register' storage class specifier is deprecated and incompatible with C++17 [-Wdeprecated-register]
Flavors: r-devel-linux-x86_64-debian-clang, r-devel-linux-x86_64-fedora-clang, r-release-osx-x86_64