Last updated on 2019-01-19 00:46:35 CET.
Flavor | Version | Tinstall | Tcheck | Ttotal | Status | Flags |
---|---|---|---|---|---|---|
r-devel-linux-x86_64-debian-clang | 1.0 | 6.03 | 76.73 | 82.76 | OK | |
r-devel-linux-x86_64-debian-gcc | 1.0 | 5.16 | 61.59 | 66.75 | OK | |
r-devel-linux-x86_64-fedora-clang | 1.0 | 98.60 | OK | |||
r-devel-linux-x86_64-fedora-gcc | 1.0 | 92.56 | OK | |||
r-devel-windows-ix86+x86_64 | 1.0 | 15.00 | 108.00 | 123.00 | OK | |
r-patched-linux-x86_64 | 1.0 | 7.17 | 72.32 | 79.49 | OK | |
r-patched-solaris-x86 | 1.0 | 169.60 | OK | |||
r-release-linux-x86_64 | 1.0 | 7.01 | 73.50 | 80.51 | OK | |
r-release-windows-ix86+x86_64 | 1.0 | 14.00 | 109.00 | 123.00 | OK | |
r-release-osx-x86_64 | 1.0 | ERROR | ||||
r-oldrel-windows-ix86+x86_64 | 1.0 | 15.00 | 83.00 | 98.00 | OK | |
r-oldrel-osx-x86_64 | 1.0 | ERROR |
Version: 1.0
Check: package dependencies
Result: ERROR
Packages required but not available: ‘gWidgetsRGtk2’ ‘RGtk2Extras’ ‘RGtk2’
See section ‘The DESCRIPTION file’ in the ‘Writing R Extensions’
manual.
Flavors: r-release-osx-x86_64, r-oldrel-osx-x86_64