CRAN Package Check Results for Package Numero

Last updated on 2019-01-19 00:46:35 CET.

Flavor Version Tinstall Tcheck Ttotal Status Flags
r-devel-linux-x86_64-debian-clang 1.1.1 282.40 40.70 323.10 OK
r-devel-linux-x86_64-debian-gcc 1.1.1 236.16 32.26 268.42 OK
r-devel-linux-x86_64-fedora-clang 1.1.1 604.10 NOTE
r-devel-linux-x86_64-fedora-gcc 1.1.1 436.29 OK
r-devel-windows-ix86+x86_64 1.1.1 1176.00 98.00 1274.00 NOTE
r-patched-linux-x86_64 1.1.1 297.07 37.58 334.65 OK
r-patched-solaris-x86 1.1.1 426.10 WARN
r-release-linux-x86_64 1.1.1 306.39 37.55 343.94 OK
r-release-windows-ix86+x86_64 1.1.1 1096.00 99.00 1195.00 NOTE
r-release-osx-x86_64 1.1.1 WARN
r-oldrel-windows-ix86+x86_64 1.1.1 1155.00 83.00 1238.00 NOTE
r-oldrel-osx-x86_64 1.1.1 WARN

Check Details

Version: 1.1.1
Check: installed package size
Result: NOTE
     installed size is 23.2Mb
     sub-directories of 1Mb or more:
     doc 3.8Mb
     libs 19.2Mb
Flavors: r-devel-linux-x86_64-fedora-clang, r-devel-windows-ix86+x86_64, r-release-windows-ix86+x86_64, r-release-osx-x86_64, r-oldrel-windows-ix86+x86_64, r-oldrel-osx-x86_64

Version: 1.1.1
Check: re-building of vignette outputs
Result: WARN
    Error in re-building vignettes:
     ...
    Warning in engine$weave(file, quiet = quiet, encoding = enc) :
     Pandoc (>= 1.12.3) and/or pandoc-citeproc not available. Falling back to R Markdown v1.
    Quitting from lines 2-30 (NumeroGuide.rmd)
    Error: processing vignette 'NumeroGuide.rmd' failed with diagnostics:
    could not find function "pkg_ver"
    Execution halted
Flavors: r-patched-solaris-x86, r-release-osx-x86_64, r-oldrel-osx-x86_64

Version: 1.1.1
Check: package dependencies
Result: NOTE
    Package suggested but not available for checking: ‘BiocStyle’
Flavors: r-release-osx-x86_64, r-oldrel-osx-x86_64