Last updated on 2019-01-19 00:46:38 CET.
Flavor | Version | Tinstall | Tcheck | Ttotal | Status | Flags |
---|---|---|---|---|---|---|
r-devel-linux-x86_64-debian-clang | 0.2.0 | 6.19 | 36.74 | 42.93 | OK | |
r-devel-linux-x86_64-debian-gcc | 0.2.0 | 5.53 | 28.09 | 33.62 | OK | |
r-devel-linux-x86_64-fedora-clang | 0.2.0 | 50.13 | NOTE | |||
r-devel-linux-x86_64-fedora-gcc | 0.2.0 | 47.12 | NOTE | |||
r-devel-windows-ix86+x86_64 | 0.2.0 | 13.00 | 75.00 | 88.00 | OK | |
r-patched-linux-x86_64 | 0.2.0 | 5.50 | 33.34 | 38.84 | OK | |
r-patched-solaris-x86 | 0.2.0 | 80.10 | NOTE | |||
r-release-linux-x86_64 | 0.2.0 | 5.52 | 33.30 | 38.82 | OK | |
r-release-windows-ix86+x86_64 | 0.2.0 | 13.00 | 82.00 | 95.00 | OK | |
r-release-osx-x86_64 | 0.2.0 | NOTE | ||||
r-oldrel-windows-ix86+x86_64 | 0.2.0 | 16.00 | 70.00 | 86.00 | OK | |
r-oldrel-osx-x86_64 | 0.2.0 | NOTE |
Version: 0.2.0
Check: data for non-ASCII characters
Result: NOTE
Note: found 26 marked Latin-1 strings
Flavors: r-devel-linux-x86_64-fedora-clang, r-devel-linux-x86_64-fedora-gcc, r-patched-solaris-x86, r-release-osx-x86_64, r-oldrel-osx-x86_64