Last updated on 2019-01-19 00:46:38 CET.
Flavor | Version | Tinstall | Tcheck | Ttotal | Status | Flags |
---|---|---|---|---|---|---|
r-devel-linux-x86_64-debian-clang | 0.4.0 | 19.24 | 442.45 | 461.69 | OK | |
r-devel-linux-x86_64-debian-gcc | 0.4.0 | 16.62 | 315.16 | 331.78 | OK | |
r-devel-linux-x86_64-fedora-clang | 0.4.0 | 525.13 | NOTE | |||
r-devel-linux-x86_64-fedora-gcc | 0.4.0 | 479.31 | NOTE | |||
r-devel-windows-ix86+x86_64 | 0.4.0 | 40.00 | 560.00 | 600.00 | OK | |
r-patched-linux-x86_64 | 0.4.0 | 17.48 | 432.63 | 450.11 | OK | |
r-patched-solaris-x86 | 0.4.0 | 479.30 | NOTE | |||
r-release-linux-x86_64 | 0.4.0 | 15.29 | 427.12 | 442.41 | OK | |
r-release-windows-ix86+x86_64 | 0.4.0 | 34.00 | 559.00 | 593.00 | OK | |
r-release-osx-x86_64 | 0.4.0 | NOTE | ||||
r-oldrel-windows-ix86+x86_64 | 0.4.0 | 39.00 | 582.00 | 621.00 | OK | |
r-oldrel-osx-x86_64 | 0.4.0 | NOTE |
Version: 0.4.0
Check: dependencies in R code
Result: NOTE
Namespace in Imports field not imported from: ‘tidyr’
All declared Imports should be used.
Flavors: r-devel-linux-x86_64-fedora-clang, r-devel-linux-x86_64-fedora-gcc, r-patched-solaris-x86, r-release-osx-x86_64, r-oldrel-osx-x86_64