CRAN Package Check Results for Package RHMS

Last updated on 2019-01-19 00:46:41 CET.

Flavor Version Tinstall Tcheck Ttotal Status Flags
r-devel-linux-x86_64-debian-clang 1.4 9.72 105.18 114.90 OK
r-devel-linux-x86_64-debian-gcc 1.4 7.30 78.96 86.26 OK
r-devel-linux-x86_64-fedora-clang 1.4 131.34 OK
r-devel-linux-x86_64-fedora-gcc 1.4 123.12 OK
r-devel-windows-ix86+x86_64 1.4 26.00 175.00 201.00 OK
r-patched-linux-x86_64 1.4 6.94 96.54 103.48 OK
r-patched-solaris-x86 1.4 184.00 OK
r-release-linux-x86_64 1.4 6.73 96.89 103.62 OK
r-release-windows-ix86+x86_64 1.4 20.00 152.00 172.00 WARN
r-release-osx-x86_64 1.4 OK
r-oldrel-windows-ix86+x86_64 1.4 27.00 161.00 188.00 OK
r-oldrel-osx-x86_64 1.4 OK

Check Details

Version: 1.4
Check: whether package can be installed
Result: WARN
    Found the following significant warnings:
     Warning: S3 methods '[.fun_list', '[.grouped_df', 'all.equal.tbl_df', 'anti_join.data.frame', 'anti_join.tbl_df', 'arrange.data.frame', 'arrange.default', 'arrange.grouped_df', 'arrange.tbl_df', 'arrange_.data.frame', 'arrange_.tbl_df', 'as.data.frame.grouped_df', 'as.data.frame.rowwise_df', 'as.data.frame.tbl_cube', 'as.table.tbl_cube', 'as.tbl.data.frame', 'as.tbl.tbl', 'as.tbl_cube.array', 'as.tbl_cube.data.frame', 'as.tbl_cube.matrix', 'as.tbl_cube.table', 'as_tibble.grouped_df', 'as_tibble.tbl_cube', 'auto_copy.tbl_cube', 'auto_copy.tbl_df', 'cbind.grouped_df', 'collapse.data.frame', 'collect.data.frame', 'common_by.NULL', 'common_by.character', 'common_by.default', 'common_by.list', 'compute.data.frame', 'copy_to.DBIConnection', 'copy_to.src_local', 'default_missing.data.frame', 'default_missing.default', 'dim.tbl_cube', 'distinct.data.frame', 'distinct.default', 'distinct.grouped_df', 'distinct.tbl_df', 'distinct_.data.frame', 'distinct_.grouped_df', 'distinct_.tbl_df', 'do.NULL', 'do.da [... truncated]
Flavor: r-release-windows-ix86+x86_64