CRAN Package Check Results for Package RHRV

Last updated on 2019-01-19 00:46:41 CET.

Flavor Version Tinstall Tcheck Ttotal Status Flags
r-devel-linux-x86_64-debian-clang 4.2.3 15.97 105.26 121.23 WARN
r-devel-linux-x86_64-debian-gcc 4.2.3 11.22 81.72 92.94 OK
r-devel-linux-x86_64-fedora-clang 4.2.3 140.58 WARN
r-devel-linux-x86_64-fedora-gcc 4.2.3 133.31 NOTE
r-devel-windows-ix86+x86_64 4.2.3 38.00 179.00 217.00 OK
r-patched-linux-x86_64 4.2.3 12.07 92.69 104.76 OK
r-patched-solaris-x86 4.2.3 212.90 OK
r-release-linux-x86_64 4.2.3 12.63 93.43 106.06 OK
r-release-windows-ix86+x86_64 4.2.3 31.00 173.00 204.00 OK
r-release-osx-x86_64 4.2.3 WARN
r-oldrel-windows-ix86+x86_64 4.2.3 27.00 129.00 156.00 OK
r-oldrel-osx-x86_64 4.2.3 OK

Check Details

Version: 4.2.3
Check: whether package can be installed
Result: WARN
    Found the following significant warnings:
     filterhr.c:21:11: warning: using integer absolute value function 'abs' when argument is of floating point type [-Wabsolute-value]
     filterhr.c:21:53: warning: using integer absolute value function 'abs' when argument is of floating point type [-Wabsolute-value]
     filterhr.c:21:95: warning: using integer absolute value function 'abs' when argument is of floating point type [-Wabsolute-value]
Flavors: r-devel-linux-x86_64-debian-clang, r-devel-linux-x86_64-fedora-clang, r-release-osx-x86_64

Version: 4.2.3
Check: compiled code
Result: NOTE
    File ‘RHRV/libs/RHRV.so’:
     Found no calls to: ‘R_registerRoutines’, ‘R_useDynamicSymbols’
    
    It is good practice to register native routines and to disable symbol
    search.
    
    See ‘Writing portable packages’ in the ‘Writing R Extensions’ manual.
Flavors: r-devel-linux-x86_64-fedora-clang, r-devel-linux-x86_64-fedora-gcc