Last updated on 2019-01-19 00:46:41 CET.
Flavor | Version | Tinstall | Tcheck | Ttotal | Status | Flags |
---|---|---|---|---|---|---|
r-devel-linux-x86_64-debian-clang | 1.2.5 | 80.92 | 98.49 | 179.41 | OK | |
r-devel-linux-x86_64-debian-gcc | 1.2.7 | 66.52 | 70.58 | 137.10 | OK | |
r-devel-linux-x86_64-fedora-clang | 1.2.7 | 245.64 | NOTE | |||
r-devel-linux-x86_64-fedora-gcc | 1.2.7 | 219.59 | NOTE | |||
r-devel-windows-ix86+x86_64 | 1.2.5 | 125.00 | 150.00 | 275.00 | OK | |
r-patched-linux-x86_64 | 1.2.5 | 68.56 | 92.11 | 160.67 | OK | |
r-release-linux-x86_64 | 1.2.5 | 69.52 | 93.08 | 162.60 | OK | |
r-release-windows-ix86+x86_64 | 1.2.5 | 121.00 | 146.00 | 267.00 | OK | |
r-release-osx-x86_64 | 1.2.5 | NOTE | ||||
r-oldrel-windows-ix86+x86_64 | 1.2.5 | 19.00 | 122.00 | 141.00 | OK | |
r-oldrel-osx-x86_64 | 1.2.5 | NOTE |
Version: 1.2.7
Check: dependencies in R code
Result: NOTE
Namespaces in Imports field not imported from:
‘Matrix’ ‘arules’ ‘pmml’ ‘rJava’
All declared Imports should be used.
Flavors: r-devel-linux-x86_64-fedora-clang, r-devel-linux-x86_64-fedora-gcc
Version: 1.2.5
Check: dependencies in R code
Result: NOTE
Namespaces in Imports field not imported from:
‘Matrix’ ‘arules’ ‘pmml’ ‘rJava’
All declared Imports should be used.
Flavors: r-release-osx-x86_64, r-oldrel-osx-x86_64