CRAN Package Check Results for Package RMCriteria

Last updated on 2019-01-19 00:46:41 CET.

Flavor Version Tinstall Tcheck Ttotal Status Flags
r-devel-linux-x86_64-debian-clang 0.2.0 107.57 69.82 177.39 OK
r-devel-linux-x86_64-debian-gcc 0.2.0 116.35 56.65 173.00 OK
r-devel-linux-x86_64-fedora-clang 0.2.0 263.42 NOTE
r-devel-linux-x86_64-fedora-gcc 0.2.0 262.93 NOTE
r-devel-windows-ix86+x86_64 0.2.0 271.00 173.00 444.00 OK
r-patched-linux-x86_64 0.1.1 147.72 66.52 214.24 OK
r-patched-solaris-x86 0.2.0 224.60 NOTE
r-release-linux-x86_64 0.1.1 145.34 67.12 212.46 OK
r-release-windows-ix86+x86_64 0.2.0 206.00 132.00 338.00 OK
r-release-osx-x86_64 0.2.0 NOTE
r-oldrel-windows-ix86+x86_64 0.1.1 299.00 211.00 510.00 OK
r-oldrel-osx-x86_64 0.1.1 NOTE

Check Details

Version: 0.2.0
Check: installed package size
Result: NOTE
     installed size is 18.8Mb
     sub-directories of 1Mb or more:
     libs 18.4Mb
Flavors: r-devel-linux-x86_64-fedora-clang, r-release-osx-x86_64

Version: 0.2.0
Check: dependencies in R code
Result: NOTE
    Namespace in Imports field not imported from: ‘dplyr’
     All declared Imports should be used.
Flavors: r-devel-linux-x86_64-fedora-clang, r-devel-linux-x86_64-fedora-gcc, r-patched-solaris-x86, r-release-osx-x86_64

Version: 0.1.1
Check: installed package size
Result: NOTE
     installed size is 13.4Mb
     sub-directories of 1Mb or more:
     libs 13.0Mb
Flavor: r-oldrel-osx-x86_64

Version: 0.1.1
Check: dependencies in R code
Result: NOTE
    Namespace in Imports field not imported from: ‘dplyr’
     All declared Imports should be used.
Flavor: r-oldrel-osx-x86_64