Last updated on 2019-01-19 00:46:41 CET.
Flavor | Version | Tinstall | Tcheck | Ttotal | Status | Flags |
---|---|---|---|---|---|---|
r-devel-linux-x86_64-debian-clang | 0.6.0 | 70.41 | 47.22 | 117.63 | OK | |
r-devel-linux-x86_64-debian-gcc | 0.6.0 | 61.25 | 37.54 | 98.79 | OK | |
r-devel-linux-x86_64-fedora-clang | 0.6.0 | 160.35 | NOTE | |||
r-devel-linux-x86_64-fedora-gcc | 0.6.0 | 147.89 | OK | |||
r-devel-windows-ix86+x86_64 | 0.6.0 | 133.00 | 100.00 | 233.00 | OK | |
r-patched-linux-x86_64 | 0.6.0 | 72.55 | 45.85 | 118.40 | OK | |
r-patched-solaris-x86 | 0.6.0 | 148.50 | OK | |||
r-release-linux-x86_64 | 0.6.0 | 75.32 | 45.10 | 120.42 | OK | |
r-release-windows-ix86+x86_64 | 0.6.0 | 128.00 | 94.00 | 222.00 | OK | |
r-release-osx-x86_64 | 0.6.0 | NOTE | ||||
r-oldrel-windows-ix86+x86_64 | 0.6.0 | 136.00 | 101.00 | 237.00 | OK | |
r-oldrel-osx-x86_64 | 0.5.0 | NOTE |
Version: 0.6.0
Check: installed package size
Result: NOTE
installed size is 18.8Mb
sub-directories of 1Mb or more:
libs 18.5Mb
Flavors: r-devel-linux-x86_64-fedora-clang, r-release-osx-x86_64
Version: 0.5.0
Check: installed package size
Result: NOTE
installed size is 18.8Mb
sub-directories of 1Mb or more:
libs 18.6Mb
Flavor: r-oldrel-osx-x86_64