CRAN Package Check Results for Package RPostgres

Last updated on 2019-01-19 00:46:42 CET.

Flavor Version Tinstall Tcheck Ttotal Status Flags
r-devel-linux-x86_64-debian-clang 1.1.1 111.91 35.18 147.09 OK
r-devel-linux-x86_64-debian-gcc 1.1.1 97.99 27.91 125.90 OK
r-devel-linux-x86_64-fedora-clang 1.1.1 241.18 OK
r-devel-linux-x86_64-fedora-gcc 1.1.1 203.85 OK
r-devel-windows-ix86+x86_64 1.1.1 715.00 119.00 834.00 NOTE
r-patched-linux-x86_64 1.1.1 120.88 33.47 154.35 OK
r-patched-solaris-x86 1.1.1 3.80 ERROR
r-release-linux-x86_64 1.1.1 121.48 32.85 154.33 OK
r-release-windows-ix86+x86_64 1.1.1 731.00 121.00 852.00 NOTE
r-release-osx-x86_64 1.1.1 OK
r-oldrel-windows-ix86+x86_64 1.1.1 750.00 91.00 841.00 NOTE
r-oldrel-osx-x86_64 1.1.1 OK

Check Details

Version: 1.1.1
Check: installed package size
Result: NOTE
     installed size is 6.1Mb
     sub-directories of 1Mb or more:
     libs 5.8Mb
Flavors: r-devel-windows-ix86+x86_64, r-release-windows-ix86+x86_64, r-oldrel-windows-ix86+x86_64

Version: 1.1.1
Check: whether package can be installed
Result: ERROR
    Installation failed.
Flavor: r-patched-solaris-x86