CRAN Package Check Results for Package RagGrid

Last updated on 2019-01-19 00:46:39 CET.

Flavor Version Tinstall Tcheck Ttotal Status Flags
r-devel-linux-x86_64-debian-clang 0.2.0 1.82 23.79 25.61 OK
r-devel-linux-x86_64-debian-gcc 0.2.0 1.47 18.56 20.03 OK
r-devel-linux-x86_64-fedora-clang 0.2.0 28.87 NOTE
r-devel-linux-x86_64-fedora-gcc 0.2.0 27.05 NOTE
r-devel-windows-ix86+x86_64 0.2.0 5.00 52.00 57.00 OK
r-patched-linux-x86_64 0.2.0 1.74 21.90 23.64 OK
r-patched-solaris-x86 0.2.0 46.10 NOTE
r-release-linux-x86_64 0.2.0 1.16 21.39 22.55 OK
r-release-windows-ix86+x86_64 0.2.0 5.00 47.00 52.00 OK
r-release-osx-x86_64 0.2.0 NOTE
r-oldrel-windows-ix86+x86_64 0.2.0 6.00 34.00 40.00 OK
r-oldrel-osx-x86_64 0.2.0 NOTE

Check Details

Version: 0.2.0
Check: dependencies in R code
Result: NOTE
    Namespace in Imports field not imported from: ‘knitr’
     All declared Imports should be used.
Flavors: r-devel-linux-x86_64-fedora-clang, r-devel-linux-x86_64-fedora-gcc, r-patched-solaris-x86, r-release-osx-x86_64, r-oldrel-osx-x86_64