CRAN Package Check Results for Package Rfast

Last updated on 2019-01-19 00:46:40 CET.

Flavor Version Tinstall Tcheck Ttotal Status Flags
r-devel-linux-x86_64-debian-clang 1.9.2 954.67 109.70 1064.37 OK
r-devel-linux-x86_64-debian-gcc 1.9.2 899.43 87.50 986.93 OK
r-devel-linux-x86_64-fedora-clang 1.9.2 1727.87 NOTE
r-devel-linux-x86_64-fedora-gcc 1.9.2 1596.62 OK
r-devel-windows-ix86+x86_64 1.9.2 2691.00 220.00 2911.00 NOTE
r-patched-linux-x86_64 1.9.2 1088.80 103.86 1192.66 OK
r-patched-solaris-x86 1.9.2 1401.60 NOTE
r-release-linux-x86_64 1.9.2 1085.80 104.50 1190.30 OK
r-release-windows-ix86+x86_64 1.9.2 2622.00 225.00 2847.00 NOTE
r-release-osx-x86_64 1.9.2 NOTE
r-oldrel-windows-ix86+x86_64 1.9.1 23.00 6.00 29.00 ERROR
r-oldrel-osx-x86_64 1.9.2 ERROR

Additional issues

clang-UBSAN rchk valgrind

Check Details

Version: 1.9.2
Check: installed package size
Result: NOTE
     installed size is 49.3Mb
     sub-directories of 1Mb or more:
     libs 48.1Mb
Flavors: r-devel-linux-x86_64-fedora-clang, r-devel-windows-ix86+x86_64, r-patched-solaris-x86, r-release-windows-ix86+x86_64, r-release-osx-x86_64

Version: 1.9.1
Check: whether package can be installed
Result: ERROR
    Installation failed.
Flavor: r-oldrel-windows-ix86+x86_64

Version: 1.9.2
Check: whether package can be installed
Result: ERROR
    Installation failed.
Flavor: r-oldrel-osx-x86_64