Last updated on 2019-01-19 00:46:41 CET.
Flavor | Version | Tinstall | Tcheck | Ttotal | Status | Flags |
---|---|---|---|---|---|---|
r-devel-linux-x86_64-debian-clang | 1.1.0 | 12.55 | 27.29 | 39.84 | OK | |
r-devel-linux-x86_64-debian-gcc | 1.1.0 | 13.59 | 22.81 | 36.40 | OK | |
r-devel-linux-x86_64-fedora-clang | 1.1.0 | 49.81 | NOTE | |||
r-devel-linux-x86_64-fedora-gcc | 1.1.0 | 48.48 | OK | |||
r-devel-windows-ix86+x86_64 | 1.1.0 | 27.00 | 37.00 | 64.00 | NOTE | |
r-patched-linux-x86_64 | 1.1.0 | 12.46 | 26.19 | 38.65 | OK | |
r-patched-solaris-x86 | 1.1.0 | 91.00 | NOTE | |||
r-release-linux-x86_64 | 1.1.0 | 12.26 | 26.07 | 38.33 | OK | |
r-release-windows-ix86+x86_64 | 1.1.0 | 26.00 | 36.00 | 62.00 | NOTE | |
r-release-osx-x86_64 | 1.1.0 | NOTE | ||||
r-oldrel-windows-ix86+x86_64 | 1.1.0 | 28.00 | 36.00 | 64.00 | NOTE | |
r-oldrel-osx-x86_64 | 1.1.0 | NOTE |
Version: 1.1.0
Check: installed package size
Result: NOTE
installed size is 11.3Mb
sub-directories of 1Mb or more:
R 11.2Mb
Flavors: r-devel-linux-x86_64-fedora-clang, r-devel-windows-ix86+x86_64, r-patched-solaris-x86, r-release-windows-ix86+x86_64, r-release-osx-x86_64, r-oldrel-windows-ix86+x86_64, r-oldrel-osx-x86_64