Last updated on 2019-01-19 00:46:42 CET.
Flavor | Version | Tinstall | Tcheck | Ttotal | Status | Flags |
---|---|---|---|---|---|---|
r-devel-linux-x86_64-debian-clang | 1.1-1 | 4.60 | 28.42 | 33.02 | OK | |
r-devel-linux-x86_64-debian-gcc | 1.1-1 | 4.23 | 22.34 | 26.57 | OK | |
r-devel-linux-x86_64-fedora-clang | 1.1-1 | 39.44 | NOTE | |||
r-devel-linux-x86_64-fedora-gcc | 1.1-1 | 37.02 | NOTE | |||
r-devel-windows-ix86+x86_64 | 1.1-1 | 8.00 | 43.00 | 51.00 | OK | |
r-patched-linux-x86_64 | 1.1-1 | 7.69 | 26.64 | 34.33 | OK | |
r-patched-solaris-x86 | 1.1-1 | 68.40 | OK | |||
r-release-linux-x86_64 | 1.1-1 | 6.80 | 26.79 | 33.59 | OK | |
r-release-windows-ix86+x86_64 | 1.1-1 | 13.00 | 46.00 | 59.00 | OK | |
r-release-osx-x86_64 | 1.1-1 | OK | ||||
r-oldrel-windows-ix86+x86_64 | 1.1-1 | 8.00 | 42.00 | 50.00 | OK | |
r-oldrel-osx-x86_64 | 1.1-1 | OK |
Version: 1.1-1
Check: compiled code
Result: NOTE
File ‘Rook/libs/Rook.so’:
Found no call to: ‘R_useDynamicSymbols’
It is good practice to register native routines and to disable symbol
search.
See ‘Writing portable packages’ in the ‘Writing R Extensions’ manual.
Flavors: r-devel-linux-x86_64-fedora-clang, r-devel-linux-x86_64-fedora-gcc