CRAN Package Check Results for Package SDALGCP

Last updated on 2019-01-19 00:46:43 CET.

Flavor Version Tinstall Tcheck Ttotal Status Flags
r-devel-linux-x86_64-debian-clang 0.2.0 17.29 175.53 192.82 OK
r-devel-linux-x86_64-debian-gcc 0.2.0 15.26 139.92 155.18 OK
r-devel-linux-x86_64-fedora-clang 0.2.0 229.40 NOTE
r-devel-linux-x86_64-fedora-gcc 0.2.0 220.87 NOTE
r-devel-windows-ix86+x86_64 0.2.0 41.00 265.00 306.00 OK
r-patched-linux-x86_64 0.2.0 17.02 162.94 179.96 OK
r-patched-solaris-x86 0.2.0 409.30 NOTE
r-release-linux-x86_64 0.2.0 18.09 161.01 179.10 OK
r-release-windows-ix86+x86_64 0.2.0 40.00 338.00 378.00 OK
r-release-osx-x86_64 0.2.0 NOTE
r-oldrel-windows-ix86+x86_64 0.2.0 46.00 250.00 296.00 OK
r-oldrel-osx-x86_64 0.1.0 NOTE

Check Details

Version: 0.2.0
Check: dependencies in R code
Result: NOTE
    Namespace in Imports field not imported from: ‘plyr’
     All declared Imports should be used.
Flavors: r-devel-linux-x86_64-fedora-clang, r-devel-linux-x86_64-fedora-gcc, r-patched-solaris-x86, r-release-osx-x86_64

Version: 0.1.0
Check: dependencies in R code
Result: NOTE
    Namespaces in Imports field not imported from:
     ‘pbapply’ ‘plyr’
     All declared Imports should be used.
Flavor: r-oldrel-osx-x86_64