CRAN Package Check Results for Package SEA

Last updated on 2019-01-19 00:46:43 CET.

Flavor Version Tinstall Tcheck Ttotal Status Flags
r-devel-linux-x86_64-debian-clang 1.0 235.91 693.18 929.09 OK
r-devel-linux-x86_64-debian-gcc 1.0 196.40 501.88 698.28 OK
r-devel-linux-x86_64-fedora-clang 1.0 1104.26 NOTE
r-devel-linux-x86_64-fedora-gcc 1.0 1008.44 OK
r-devel-windows-ix86+x86_64 1.0 356.00 685.00 1041.00 NOTE
r-patched-linux-x86_64 1.0 205.43 648.10 853.53 OK
r-patched-solaris-x86 1.0 1204.00 NOTE
r-release-linux-x86_64 1.0 205.54 639.41 844.95 OK
r-release-windows-ix86+x86_64 1.0 355.00 689.00 1044.00 NOTE
r-release-osx-x86_64 1.0 NOTE
r-oldrel-windows-ix86+x86_64 1.0 15.00 548.00 563.00 OK
r-oldrel-osx-x86_64 1.0 OK

Check Details

Version: 1.0
Check: installed package size
Result: NOTE
     installed size is 8.0Mb
     sub-directories of 1Mb or more:
     R 7.2Mb
Flavors: r-devel-linux-x86_64-fedora-clang, r-devel-windows-ix86+x86_64, r-patched-solaris-x86, r-release-windows-ix86+x86_64, r-release-osx-x86_64