CRAN Package Check Results for Package SIRE

Last updated on 2019-01-19 00:46:44 CET.

Flavor Version Tinstall Tcheck Ttotal Status Flags
r-devel-linux-x86_64-debian-clang 1.0.2 2.51 27.08 29.59 OK
r-devel-linux-x86_64-debian-gcc 1.0.2 1.80 21.42 23.22 OK
r-devel-linux-x86_64-fedora-clang 1.0.2 34.31 NOTE
r-devel-linux-x86_64-fedora-gcc 1.0.2 32.05 NOTE
r-devel-windows-ix86+x86_64 1.0.2 6.00 52.00 58.00 OK
r-patched-linux-x86_64 1.0.2 2.36 24.90 27.26 OK
r-patched-solaris-x86 1.0.2 49.20 NOTE
r-release-linux-x86_64 1.0.2 1.37 25.02 26.39 OK
r-release-windows-ix86+x86_64 1.0.2 6.00 57.00 63.00 OK
r-release-osx-x86_64 1.0.2 NOTE
r-oldrel-windows-ix86+x86_64 1.0.2 5.00 51.00 56.00 OK
r-oldrel-osx-x86_64 1.0.2 NOTE

Check Details

Version: 1.0.2
Check: dependencies in R code
Result: NOTE
    Namespace in Imports field not imported from: ‘MASS’
     All declared Imports should be used.
Flavors: r-devel-linux-x86_64-fedora-clang, r-devel-linux-x86_64-fedora-gcc, r-patched-solaris-x86, r-release-osx-x86_64, r-oldrel-osx-x86_64