Last updated on 2019-01-19 00:46:43 CET.
Flavor | Version | Tinstall | Tcheck | Ttotal | Status | Flags |
---|---|---|---|---|---|---|
r-devel-linux-x86_64-debian-clang | 1.2.0 | 1.44 | 30.39 | 31.83 | OK | |
r-devel-linux-x86_64-debian-gcc | 1.2.0 | 0.96 | 22.08 | 23.04 | OK | |
r-devel-linux-x86_64-fedora-clang | 1.2.0 | 36.95 | OK | |||
r-devel-linux-x86_64-fedora-gcc | 1.2.0 | 34.52 | OK | |||
r-devel-windows-ix86+x86_64 | 1.2.0 | 5.00 | 54.00 | 59.00 | OK | |
r-patched-linux-x86_64 | 1.2.0 | 1.10 | 28.45 | 29.55 | OK | |
r-patched-solaris-x86 | 1.2.0 | 51.10 | NOTE | |||
r-release-linux-x86_64 | 1.2.0 | 0.85 | 28.32 | 29.17 | OK | |
r-release-windows-ix86+x86_64 | 1.2.0 | 5.00 | 56.00 | 61.00 | OK | |
r-release-osx-x86_64 | 1.2.0 | OK | ||||
r-oldrel-windows-ix86+x86_64 | 1.2.0 | 4.00 | 39.00 | 43.00 | OK | |
r-oldrel-osx-x86_64 | 1.2.0 | OK |
Version: 1.2.0
Check: installed package size
Result: NOTE
installed size is 5.1Mb
sub-directories of 1Mb or more:
data 5.0Mb
Flavor: r-patched-solaris-x86