Last updated on 2019-01-19 00:46:43 CET.
Flavor | Version | Tinstall | Tcheck | Ttotal | Status | Flags |
---|---|---|---|---|---|---|
r-devel-linux-x86_64-debian-clang | 3.1 | 47.16 | 107.61 | 154.77 | OK | |
r-devel-linux-x86_64-debian-gcc | 3.1 | 54.37 | 83.78 | 138.15 | OK | |
r-devel-linux-x86_64-fedora-clang | 3.1 | 195.46 | OK | |||
r-devel-linux-x86_64-fedora-gcc | 3.1 | 198.21 | OK | |||
r-devel-windows-ix86+x86_64 | 3.1 | 183.00 | 204.00 | 387.00 | OK | |
r-patched-linux-x86_64 | 3.1 | 60.70 | 101.11 | 161.81 | OK | |
r-patched-solaris-x86 | 3.1 | 358.20 | OK | |||
r-release-linux-x86_64 | 3.1 | 59.33 | 100.85 | 160.18 | OK | |
r-release-windows-ix86+x86_64 | 3.1 | 173.00 | 185.00 | 358.00 | OK | |
r-release-osx-x86_64 | 3.1 | NOTE | ||||
r-oldrel-windows-ix86+x86_64 | 3.1 | 154.00 | 127.00 | 281.00 | OK | |
r-oldrel-osx-x86_64 | 3.1 | NOTE |
Version: 3.1
Check: installed package size
Result: NOTE
installed size is 6.1Mb
sub-directories of 1Mb or more:
libs 5.1Mb
Flavors: r-release-osx-x86_64, r-oldrel-osx-x86_64