CRAN Package Check Results for Package SpNetPrep

Last updated on 2019-01-19 00:46:45 CET.

Flavor Version Tinstall Tcheck Ttotal Status Flags
r-devel-linux-x86_64-debian-clang 1.1 10.11 120.25 130.36 OK
r-devel-linux-x86_64-debian-gcc 1.1 7.98 96.85 104.83 OK
r-devel-linux-x86_64-fedora-clang 1.1 151.44 OK
r-devel-linux-x86_64-fedora-gcc 1.1 143.77 OK
r-devel-windows-ix86+x86_64 1.1 24.00 194.00 218.00 OK
r-patched-linux-x86_64 1.1 8.70 114.19 122.89 OK
r-patched-solaris-x86 1.1 248.30 OK
r-release-linux-x86_64 1.1 9.37 112.32 121.69 OK
r-release-windows-ix86+x86_64 1.1 23.00 192.00 215.00 OK
r-release-osx-x86_64 1.1 OK
r-oldrel-osx-x86_64 1.1 ERROR

Check Details

Version: 1.1
Check: whether package can be installed
Result: ERROR
    Installation failed.
Flavor: r-oldrel-osx-x86_64