CRAN Package Check Results for Package SpaDES

Last updated on 2019-01-19 00:46:45 CET.

Flavor Version Tinstall Tcheck Ttotal Status Flags
r-devel-linux-x86_64-debian-clang 2.0.2 13.39 221.93 235.32 OK
r-devel-linux-x86_64-debian-gcc 2.0.2 12.74 173.82 186.56 OK
r-devel-linux-x86_64-fedora-clang 2.0.2 280.53 OK
r-devel-linux-x86_64-fedora-gcc 2.0.2 264.88 OK
r-devel-windows-ix86+x86_64 2.0.2 46.00 303.00 349.00 OK
r-patched-linux-x86_64 2.0.2 14.37 207.07 221.44 OK
r-patched-solaris-x86 2.0.2 437.40 OK
r-release-linux-x86_64 2.0.2 12.59 206.17 218.76 OK
r-release-windows-ix86+x86_64 2.0.2 37.00 305.00 342.00 OK
r-release-osx-x86_64 2.0.2 OK
r-oldrel-windows-ix86+x86_64 2.0.2 45.00 335.00 380.00 OK
r-oldrel-osx-x86_64 2.0.2 WARN

Check Details

Version: 2.0.2
Check: whether package can be installed
Result: WARN
    Found the following significant warnings:
     Warning: replacing previous import ‘SpaDES.tools::checkGDALVersion’ by ‘reproducible::checkGDALVersion’ when loading ‘SpaDES’
     Warning: replacing previous import ‘SpaDES.tools::getGDALVersion’ by ‘reproducible::getGDALVersion’ when loading ‘SpaDES’
     Warning: replacing previous import ‘SpaDES.tools::fastMask’ by ‘reproducible::fastMask’ when loading ‘SpaDES’
Flavor: r-oldrel-osx-x86_64

Version: 2.0.2
Check: re-building of vignette outputs
Result: WARN
    Error in re-building vignettes:
     ...
    
     decompose, spectrum
    
    The following object is masked from 'package:base':
    
     union
    
    Loading required package: sp
    loading reproducible 0.2.0
    loading quickPlot 0.1.4
    loading SpaDES.core 0.1.1
    loading SpaDES.tools 0.2.0
    loading SpaDES.addins 0.1.1
    
    Default paths for SpaDES directories set to:
     cachePath: /tmp/RtmpOSOMev/SpaDES/cache
     inputPath: /tmp/RtmpOSOMev/SpaDES/inputs
     modulePath: /tmp/RtmpOSOMev/SpaDES/modules
     outputPath: /tmp/RtmpOSOMev/SpaDES/outputs
    These can be changed using 'setPaths()'. See '?setPaths'.
    Loading required package: RColorBrewer
    Quitting from lines 66-68 (iii-cache.Rmd)
    Error: processing vignette 'iii-cache.Rmd' failed with diagnostics:
    could not find symbol "compareRasterFileLength" in environment of the generic function
    Execution halted
Flavor: r-oldrel-osx-x86_64