CRAN Package Check Results for Package SparseTSCGM

Last updated on 2019-01-19 00:46:45 CET.

Flavor Version Tinstall Tcheck Ttotal Status Flags
r-devel-linux-x86_64-debian-clang 2.5 4.91 70.19 75.10 OK
r-devel-linux-x86_64-debian-gcc 2.5 4.90 56.06 60.96 OK
r-devel-linux-x86_64-fedora-clang 2.5 89.88 NOTE
r-devel-linux-x86_64-fedora-gcc 2.5 86.71 NOTE
r-devel-windows-ix86+x86_64 2.5 15.00 141.00 156.00 OK
r-patched-linux-x86_64 2.5 5.25 66.94 72.19 NOTE
r-patched-solaris-x86 2.5 145.30 OK
r-release-linux-x86_64 2.5 5.11 66.74 71.85 NOTE
r-release-windows-ix86+x86_64 2.5 16.00 151.00 167.00 OK
r-release-osx-x86_64 2.5 OK
r-oldrel-windows-ix86+x86_64 2.5 14.00 101.00 115.00 OK
r-oldrel-osx-x86_64 2.5 OK

Check Details

Version: 2.5
Check: compiled code
Result: NOTE
    File ‘SparseTSCGM/libs/SparseTSCGM.so’:
     Found no calls to: ‘R_registerRoutines’, ‘R_useDynamicSymbols’
    
    It is good practice to register native routines and to disable symbol
    search.
    
    See ‘Writing portable packages’ in the ‘Writing R Extensions’ manual.
Flavors: r-devel-linux-x86_64-fedora-clang, r-devel-linux-x86_64-fedora-gcc

Version: 2.5
Check: DESCRIPTION meta-information
Result: NOTE
    Dependence on R version ‘3.3.2’ not with patchlevel 0
Flavors: r-patched-linux-x86_64, r-release-linux-x86_64