CRAN Package Check Results for Package StatMeasures

Last updated on 2019-01-19 00:46:45 CET.

Flavor Version Tinstall Tcheck Ttotal Status Flags
r-devel-linux-x86_64-debian-clang 1.0 1.95 26.48 28.43 NOTE
r-devel-linux-x86_64-debian-gcc 1.0 1.45 20.84 22.29 NOTE
r-devel-linux-x86_64-fedora-clang 1.0 33.51 NOTE
r-devel-linux-x86_64-fedora-gcc 1.0 31.03 NOTE
r-devel-windows-ix86+x86_64 1.0 7.00 57.00 64.00 NOTE
r-patched-linux-x86_64 1.0 2.02 24.55 26.57 NOTE
r-patched-solaris-x86 1.0 46.70 NOTE
r-release-linux-x86_64 1.0 1.58 24.37 25.95 NOTE
r-release-windows-ix86+x86_64 1.0 6.00 59.00 65.00 NOTE
r-release-osx-x86_64 1.0 NOTE
r-oldrel-windows-ix86+x86_64 1.0 4.00 32.00 36.00 NOTE
r-oldrel-osx-x86_64 1.0 NOTE

Check Details

Version: 1.0
Check: R code for possible problems
Result: NOTE
    actvspred: no visible global function definition for ‘quantile’
    actvspred: no visible global function definition for ‘aggregate’
    actvspred: no visible global function definition for ‘par’
    actvspred: no visible global function definition for ‘plot’
    actvspred: no visible global function definition for ‘lines’
    auc: no visible global function definition for ‘par’
    auc: no visible global function definition for ‘plot’
    decile: no visible global function definition for ‘quantile’
    dqcontinuous : numoutliers: no visible global function definition for
     ‘quantile’
    dqcontinuous : <anonymous>: no visible global function definition for
     ‘sd’
    dqcontinuous : <anonymous>: no visible global function definition for
     ‘quantile’
    gini: no visible global function definition for ‘par’
    gini: no visible global function definition for ‘plot’
    gini: no visible global function definition for ‘abline’
    iv: no visible global function definition for ‘quantile’
    iv: no visible global function definition for ‘aggregate’
    ks: no visible global function definition for ‘aggregate’
    ks: no visible global function definition for ‘par’
    ks: no visible global function definition for ‘plot’
    ks: no visible global function definition for ‘lines’
    outliers: no visible global function definition for ‘quantile’
    outliers: no visible global function definition for ‘na.omit’
    pentile: no visible global function definition for ‘quantile’
    Undefined global functions or variables:
     abline aggregate lines na.omit par plot quantile sd
    Consider adding
     importFrom("graphics", "abline", "lines", "par", "plot")
     importFrom("stats", "aggregate", "na.omit", "quantile", "sd")
    to your NAMESPACE file.
Flavors: r-devel-linux-x86_64-debian-clang, r-devel-linux-x86_64-debian-gcc, r-devel-linux-x86_64-fedora-clang, r-devel-linux-x86_64-fedora-gcc, r-devel-windows-ix86+x86_64, r-patched-linux-x86_64, r-patched-solaris-x86, r-release-linux-x86_64, r-release-windows-ix86+x86_64, r-release-osx-x86_64, r-oldrel-windows-ix86+x86_64, r-oldrel-osx-x86_64