Last updated on 2019-01-19 00:46:46 CET.
Flavor | Version | Tinstall | Tcheck | Ttotal | Status | Flags |
---|---|---|---|---|---|---|
r-devel-linux-x86_64-debian-clang | 0.0.1 | 7.92 | 73.53 | 81.45 | OK | |
r-devel-linux-x86_64-debian-gcc | 0.0.1 | 7.32 | 55.47 | 62.79 | OK | |
r-devel-linux-x86_64-fedora-clang | 0.0.1 | 93.79 | NOTE | |||
r-devel-linux-x86_64-fedora-gcc | 0.0.1 | 88.15 | NOTE | |||
r-devel-windows-ix86+x86_64 | 0.0.1 | 19.00 | 121.00 | 140.00 | OK | |
r-patched-linux-x86_64 | 0.0.1 | 6.54 | 68.29 | 74.83 | OK | |
r-patched-solaris-x86 | 0.0.1 | 137.20 | NOTE | |||
r-release-linux-x86_64 | 0.0.1 | 8.81 | 67.07 | 75.88 | OK | |
r-release-windows-ix86+x86_64 | 0.0.1 | 20.00 | 122.00 | 142.00 | OK | |
r-release-osx-x86_64 | 0.0.1 | NOTE |
Version: 0.0.1
Check: dependencies in R code
Result: NOTE
Namespace in Imports field not imported from: ‘hexbin’
All declared Imports should be used.
Flavors: r-devel-linux-x86_64-fedora-clang, r-devel-linux-x86_64-fedora-gcc, r-patched-solaris-x86, r-release-osx-x86_64