Last updated on 2019-01-19 00:46:46 CET.
Flavor | Version | Tinstall | Tcheck | Ttotal | Status | Flags |
---|---|---|---|---|---|---|
r-devel-linux-x86_64-debian-clang | 1.6.4 | 36.93 | 4.46 | 41.39 | ERROR | |
r-devel-linux-x86_64-debian-gcc | 1.6.4 | 33.80 | 3.54 | 37.34 | ERROR | |
r-devel-linux-x86_64-fedora-clang | 1.6.4 | 58.85 | ERROR | |||
r-devel-linux-x86_64-fedora-gcc | 1.6.4 | 57.65 | ERROR | |||
r-devel-windows-ix86+x86_64 | 1.6.4 | 64.00 | 7.00 | 71.00 | ERROR | |
r-patched-linux-x86_64 | 1.6.4 | 42.28 | 4.44 | 46.72 | ERROR | |
r-patched-solaris-x86 | 1.6.4 | 69.20 | ERROR | |||
r-release-linux-x86_64 | 1.6.4 | 41.69 | 4.44 | 46.13 | ERROR | |
r-release-windows-ix86+x86_64 | 1.6.4 | 64.00 | 6.00 | 70.00 | ERROR | |
r-release-osx-x86_64 | 1.6.4 | NOTE | ||||
r-oldrel-windows-ix86+x86_64 | 1.6.4 | 67.00 | 5.00 | 72.00 | ERROR | |
r-oldrel-osx-x86_64 | 1.6.4 | NOTE |
Version: 1.6.4
Check: whether package can be installed
Result: ERROR
Installation failed.
Flavors: r-devel-linux-x86_64-debian-clang, r-devel-linux-x86_64-debian-gcc, r-devel-linux-x86_64-fedora-clang, r-devel-linux-x86_64-fedora-gcc, r-devel-windows-ix86+x86_64, r-patched-linux-x86_64, r-patched-solaris-x86, r-release-linux-x86_64, r-release-windows-ix86+x86_64, r-oldrel-windows-ix86+x86_64
Version: 1.6.4
Check: installed package size
Result: NOTE
installed size is 36.9Mb
sub-directories of 1Mb or more:
libs 35.6Mb
Flavors: r-release-osx-x86_64, r-oldrel-osx-x86_64
Version: 1.6.4
Check: dependencies in R code
Result: NOTE
Namespace in Imports field not imported from: ‘scales’
All declared Imports should be used.
Flavors: r-release-osx-x86_64, r-oldrel-osx-x86_64