Last updated on 2019-01-19 00:46:47 CET.
Flavor | Version | Tinstall | Tcheck | Ttotal | Status | Flags |
---|---|---|---|---|---|---|
r-devel-linux-x86_64-debian-clang | 1.0-9 | 3.12 | 28.46 | 31.58 | OK | |
r-devel-linux-x86_64-debian-gcc | 1.0-9 | 2.84 | 23.01 | 25.85 | OK | |
r-devel-linux-x86_64-fedora-clang | 1.0-9 | 37.09 | NOTE | |||
r-devel-linux-x86_64-fedora-gcc | 1.0-9 | 35.78 | OK | |||
r-devel-windows-ix86+x86_64 | 1.0-9 | 11.00 | 62.00 | 73.00 | NOTE | |
r-patched-linux-x86_64 | 1.0-9 | 3.11 | 26.70 | 29.81 | OK | |
r-patched-solaris-x86 | 1.0-9 | 60.30 | NOTE | |||
r-release-linux-x86_64 | 1.0-9 | 3.37 | 26.30 | 29.67 | OK | |
r-release-windows-ix86+x86_64 | 1.0-9 | 8.00 | 62.00 | 70.00 | NOTE | |
r-release-osx-x86_64 | 1.0-9 | NOTE | ||||
r-oldrel-windows-ix86+x86_64 | 1.0-9 | 10.00 | 37.00 | 47.00 | NOTE | |
r-oldrel-osx-x86_64 | 1.0-9 | NOTE |
Version: 1.0-9
Check: installed package size
Result: NOTE
installed size is 8.5Mb
sub-directories of 1Mb or more:
data 1.2Mb
rda 7.0Mb
Flavors: r-devel-linux-x86_64-fedora-clang, r-devel-windows-ix86+x86_64, r-patched-solaris-x86, r-release-windows-ix86+x86_64, r-release-osx-x86_64, r-oldrel-windows-ix86+x86_64, r-oldrel-osx-x86_64