CRAN Package Check Results for Package TropFishR

Last updated on 2019-01-19 00:46:48 CET.

Flavor Version Tinstall Tcheck Ttotal Status Flags
r-devel-linux-x86_64-debian-clang 1.6.1 11.40 679.84 691.24 OK
r-devel-linux-x86_64-debian-gcc 1.6.1 10.86 453.40 464.26 OK
r-devel-linux-x86_64-fedora-clang 1.6.1 819.83 NOTE
r-devel-linux-x86_64-fedora-gcc 1.6.1 718.00 NOTE
r-devel-windows-ix86+x86_64 1.6.1 32.00 113.00 145.00 OK --no-vignettes
r-patched-linux-x86_64 1.6.0 16.22 630.75 646.97 OK
r-patched-solaris-x86 1.6.1 1132.20 NOTE
r-release-linux-x86_64 1.6.0 15.94 625.24 641.18 OK
r-release-windows-ix86+x86_64 1.6.1 20.00 94.00 114.00 OK --no-vignettes
r-release-osx-x86_64 1.6.1 NOTE
r-oldrel-windows-ix86+x86_64 1.6.0 31.00 158.00 189.00 OK --no-vignettes
r-oldrel-osx-x86_64 1.6.0 OK

Check Details

Version: 1.6.1
Check: dependencies in R code
Result: NOTE
    Namespace in Imports field not imported from: ‘Hmisc’
     All declared Imports should be used.
Flavors: r-devel-linux-x86_64-fedora-clang, r-devel-linux-x86_64-fedora-gcc, r-patched-solaris-x86, r-release-osx-x86_64