CRAN Package Check Results for Package VarBundle

Last updated on 2019-01-19 00:46:48 CET.

Flavor Version Tinstall Tcheck Ttotal Status Flags
r-devel-linux-x86_64-debian-clang 0.3.0 2.10 34.23 36.33 OK
r-devel-linux-x86_64-debian-gcc 0.3.0 1.92 26.48 28.40 OK
r-devel-linux-x86_64-fedora-clang 0.3.0 43.41 OK
r-devel-linux-x86_64-fedora-gcc 0.3.0 40.35 OK
r-devel-windows-ix86+x86_64 0.3.0 6.00 80.00 86.00 OK
r-patched-linux-x86_64 0.3.0 2.14 31.11 33.25 OK
r-patched-solaris-x86 0.3.0 66.60 OK
r-release-linux-x86_64 0.3.0 1.94 31.00 32.94 OK
r-release-windows-ix86+x86_64 0.3.0 7.00 110.00 117.00 OK
r-release-osx-x86_64 0.3.0 OK
r-oldrel-osx-x86_64 0.3.0 ERROR

Check Details

Version: 0.3.0
Check: whether package can be installed
Result: ERROR
    Installation failed.
Flavor: r-oldrel-osx-x86_64