CRAN Package Check Results for Package VecStatGraphs3D

Last updated on 2019-01-19 00:46:49 CET.

Flavor Version Tinstall Tcheck Ttotal Status Flags
r-devel-linux-x86_64-debian-clang 1.6 4.12 42.56 46.68 NOTE
r-devel-linux-x86_64-debian-gcc 1.6 3.29 33.67 36.96 NOTE
r-devel-linux-x86_64-fedora-clang 1.6 54.73 NOTE
r-devel-linux-x86_64-fedora-gcc 1.6 51.63 NOTE
r-devel-windows-ix86+x86_64 1.6 9.00 90.00 99.00 NOTE
r-patched-linux-x86_64 1.6 3.52 38.83 42.35 NOTE
r-patched-solaris-x86 1.6 88.40 NOTE
r-release-linux-x86_64 1.6 3.66 39.02 42.68 NOTE
r-release-windows-ix86+x86_64 1.6 13.00 124.00 137.00 NOTE
r-release-osx-x86_64 1.6 NOTE
r-oldrel-windows-ix86+x86_64 1.6 13.00 58.00 71.00 NOTE
r-oldrel-osx-x86_64 1.6 NOTE

Check Details

Version: 1.6
Check: R code for possible problems
Result: NOTE
    DrawDensity3D: no visible global function definition for ‘colorRamp’
    DrawDensity3D: no visible global function definition for ‘rgb’
    ReadFromFile3D: no visible global function definition for ‘read.table’
    Undefined global functions or variables:
     colorRamp read.table rgb
    Consider adding
     importFrom("grDevices", "colorRamp", "rgb")
     importFrom("utils", "read.table")
    to your NAMESPACE file.
Flavors: r-devel-linux-x86_64-debian-clang, r-devel-linux-x86_64-debian-gcc, r-devel-linux-x86_64-fedora-clang, r-devel-linux-x86_64-fedora-gcc, r-devel-windows-ix86+x86_64, r-patched-linux-x86_64, r-patched-solaris-x86, r-release-linux-x86_64, r-release-windows-ix86+x86_64, r-release-osx-x86_64, r-oldrel-windows-ix86+x86_64, r-oldrel-osx-x86_64