CRAN Package Check Results for Package WRSS

Last updated on 2019-01-19 00:46:49 CET.

Flavor Version Tinstall Tcheck Ttotal Status Flags
r-devel-linux-x86_64-debian-clang 2.0 13.93 103.16 117.09 OK
r-devel-linux-x86_64-debian-gcc 2.0 9.66 77.77 87.43 OK
r-devel-linux-x86_64-fedora-clang 2.0 133.69 OK
r-devel-linux-x86_64-fedora-gcc 2.0 124.06 OK
r-devel-windows-ix86+x86_64 2.0 33.00 159.00 192.00 OK
r-patched-linux-x86_64 2.0 9.40 93.96 103.36 OK
r-patched-solaris-x86 2.0 188.00 OK
r-release-linux-x86_64 2.0 9.60 93.61 103.21 OK
r-release-windows-ix86+x86_64 2.0 26.00 151.00 177.00 WARN
r-release-osx-x86_64 2.0 OK
r-oldrel-windows-ix86+x86_64 2.0 24.00 160.00 184.00 OK
r-oldrel-osx-x86_64 2.0 OK

Check Details

Version: 2.0
Check: whether package can be installed
Result: WARN
    Found the following significant warnings:
     Warning: S3 methods '[.fun_list', '[.grouped_df', 'all.equal.tbl_df', 'anti_join.data.frame', 'anti_join.tbl_df', 'arrange.data.frame', 'arrange.default', 'arrange.grouped_df', 'arrange.tbl_df', 'arrange_.data.frame', 'arrange_.tbl_df', 'as.data.frame.grouped_df', 'as.data.frame.rowwise_df', 'as.data.frame.tbl_cube', 'as.table.tbl_cube', 'as.tbl.data.frame', 'as.tbl.tbl', 'as.tbl_cube.array', 'as.tbl_cube.data.frame', 'as.tbl_cube.matrix', 'as.tbl_cube.table', 'as_tibble.grouped_df', 'as_tibble.tbl_cube', 'auto_copy.tbl_cube', 'auto_copy.tbl_df', 'cbind.grouped_df', 'collapse.data.frame', 'collect.data.frame', 'common_by.NULL', 'common_by.character', 'common_by.default', 'common_by.list', 'compute.data.frame', 'copy_to.DBIConnection', 'copy_to.src_local', 'default_missing.data.frame', 'default_missing.default', 'dim.tbl_cube', 'distinct.data.frame', 'distinct.default', 'distinct.grouped_df', 'distinct.tbl_df', 'distinct_.data.frame', 'distinct_.grouped_df', 'distinct_.tbl_df', 'do.NULL', 'do.da [... truncated]
Flavor: r-release-windows-ix86+x86_64