Last updated on 2019-01-19 00:46:49 CET.
Flavor | Version | Tinstall | Tcheck | Ttotal | Status | Flags |
---|---|---|---|---|---|---|
r-devel-linux-x86_64-debian-clang | 1.1 | 2.35 | 63.97 | 66.32 | OK | |
r-devel-linux-x86_64-debian-gcc | 1.1 | 2.64 | 50.53 | 53.17 | OK | |
r-devel-linux-x86_64-fedora-clang | 1.1 | 79.86 | OK | |||
r-devel-linux-x86_64-fedora-gcc | 1.1 | 76.29 | OK | |||
r-devel-windows-ix86+x86_64 | 1.1 | 11.00 | 114.00 | 125.00 | OK | |
r-patched-linux-x86_64 | 1.1 | 2.79 | 60.61 | 63.40 | OK | |
r-patched-solaris-x86 | 1.1 | 123.50 | OK | |||
r-release-linux-x86_64 | 1.1 | 3.24 | 61.27 | 64.51 | OK | |
r-release-windows-ix86+x86_64 | 1.1 | 12.00 | 137.00 | 149.00 | OK | |
r-release-osx-x86_64 | 1.1 | OK | ||||
r-oldrel-windows-ix86+x86_64 | 1.1 | 12.00 | 94.00 | 106.00 | OK | |
r-oldrel-osx-x86_64 | 1.1 | NOTE |
Version: 1.1
Check: re-building of vignette outputs
Result: NOTE
Error in re-building vignettes:
...
number of columns of result is not a multiple of vector length (arg 2)
Warning in rbind(riverTouch, slot(river, "data")["OBJECTID"][[1]]) :
number of columns of result is not a multiple of vector length (arg 2)
Warning in rbind(riverTouch, slot(river, "data")["OBJECTID"][[1]]) :
number of columns of result is not a multiple of vector length (arg 2)
Warning in rbind(riverTouch, slot(river, "data")["OBJECTID"][[1]]) :
number of columns of result is not a multiple of vector length (arg 2)
Warning in rbind(riverTouch, slot(river, "data")["OBJECTID"][[1]]) :
number of columns of result is not a multiple of vector length (arg 2)
Error in texi2dvi(file = file, pdf = TRUE, clean = clean, quiet = quiet, :
Running 'texi2dvi' on 'Watersheds.tex' failed.
LaTeX errors:
! LaTeX Error: File `apacite.sty' not found.
Type X to quit or <RETURN> to proceed,
or enter new name. (Default extension: sty)
! Emergency stop.
<read *>
l.14 \bibliographystyle
{apacite}^^M
! ==> Fatal error occurred, no output PDF file produced!
Calls: buildVignettes -> texi2pdf -> texi2dvi
Execution halted
Flavor: r-oldrel-osx-x86_64