CRAN Package Check Results for Package XBRL

Last updated on 2019-01-19 00:46:49 CET.

Flavor Version Tinstall Tcheck Ttotal Status Flags
r-devel-linux-x86_64-debian-clang 0.99.18 85.85 23.95 109.80 OK
r-devel-linux-x86_64-debian-gcc 0.99.18 80.09 19.45 99.54 OK
r-devel-linux-x86_64-fedora-clang 0.99.18 167.02 OK
r-devel-linux-x86_64-fedora-gcc 0.99.18 156.98 OK
r-devel-windows-ix86+x86_64 0.99.18 232.00 85.00 317.00 NOTE
r-patched-linux-x86_64 0.99.18 104.25 22.52 126.77 OK
r-patched-solaris-x86 0.99.18 145.40 OK
r-release-linux-x86_64 0.99.18 102.45 22.50 124.95 OK
r-release-windows-ix86+x86_64 0.99.18 211.00 83.00 294.00 NOTE
r-release-osx-x86_64 0.99.18 OK
r-oldrel-windows-ix86+x86_64 0.99.18 214.00 66.00 280.00 NOTE
r-oldrel-osx-x86_64 0.99.18 OK

Check Details

Version: 0.99.18
Check: installed package size
Result: NOTE
     installed size is 5.7Mb
     sub-directories of 1Mb or more:
     libs 5.6Mb
Flavors: r-devel-windows-ix86+x86_64, r-release-windows-ix86+x86_64, r-oldrel-windows-ix86+x86_64