Last updated on 2019-01-19 00:46:49 CET.
Flavor | Version | Tinstall | Tcheck | Ttotal | Status | Flags |
---|---|---|---|---|---|---|
r-devel-linux-x86_64-debian-clang | 0.1.0 | 2.06 | 31.95 | 34.01 | OK | |
r-devel-linux-x86_64-debian-gcc | 0.1.0 | 1.77 | 24.53 | 26.30 | OK | |
r-devel-linux-x86_64-fedora-clang | 0.1.0 | 39.51 | NOTE | |||
r-devel-linux-x86_64-fedora-gcc | 0.1.0 | 36.88 | NOTE | |||
r-devel-windows-ix86+x86_64 | 0.1.0 | 7.00 | 72.00 | 79.00 | OK | |
r-patched-linux-x86_64 | 0.1.0 | 1.96 | 29.39 | 31.35 | OK | |
r-patched-solaris-x86 | 0.1.0 | 63.00 | NOTE | |||
r-release-linux-x86_64 | 0.1.0 | 2.23 | 29.09 | 31.32 | OK | |
r-release-windows-ix86+x86_64 | 0.1.0 | 8.00 | 113.00 | 121.00 | OK | |
r-release-osx-x86_64 | 0.1.0 | NOTE | ||||
r-oldrel-windows-ix86+x86_64 | 0.1.0 | 9.00 | 45.00 | 54.00 | OK | |
r-oldrel-osx-x86_64 | 0.1.0 | NOTE |
Version: 0.1.0
Check: dependencies in R code
Result: NOTE
Namespace in Imports field not imported from: ‘tibble’
All declared Imports should be used.
Flavors: r-devel-linux-x86_64-fedora-clang, r-devel-linux-x86_64-fedora-gcc, r-patched-solaris-x86, r-release-osx-x86_64, r-oldrel-osx-x86_64