Last updated on 2019-01-19 00:46:49 CET.
Flavor | Version | Tinstall | Tcheck | Ttotal | Status | Flags |
---|---|---|---|---|---|---|
r-devel-linux-x86_64-debian-clang | 3.98-1.16 | 20.73 | 73.19 | 93.92 | NOTE | |
r-devel-linux-x86_64-debian-gcc | 3.98-1.16 | 15.18 | 55.75 | 70.93 | NOTE | |
r-devel-linux-x86_64-fedora-clang | 3.98-1.16 | 109.34 | NOTE | |||
r-devel-linux-x86_64-fedora-gcc | 3.98-1.16 | 104.80 | NOTE | |||
r-devel-windows-ix86+x86_64 | 3.98-1.16 | 55.00 | 111.00 | 166.00 | NOTE | |
r-patched-linux-x86_64 | 3.98-1.16 | 20.19 | 67.93 | 88.12 | NOTE | |
r-patched-solaris-x86 | 3.98-1.16 | 151.10 | NOTE | |||
r-release-linux-x86_64 | 3.98-1.16 | 20.25 | 68.52 | 88.77 | NOTE | |
r-release-windows-ix86+x86_64 | 3.98-1.16 | 49.00 | 109.00 | 158.00 | NOTE | |
r-release-osx-x86_64 | 3.98-1.16 | NOTE | ||||
r-oldrel-windows-ix86+x86_64 | 3.98-1.16 | 40.00 | 114.00 | 154.00 | NOTE | |
r-oldrel-osx-x86_64 | 3.98-1.16 | NOTE |
Version: 3.98-1.16
Check: top-level files
Result: NOTE
Non-standard files/directories found at top level:
‘Bug.R’ ‘Bugs.html’ ‘Check’ ‘CodeDetails’ ‘DESCRIPTION.in’ ‘Docs’
‘FAQ.html’ ‘FIXME_NOW’ ‘GNUmakefile’ ‘GNUmakefile.admin’
‘Makevars.in’ ‘MemoryBug.R’ ‘NAMESPACE.in’ ‘NodeFuns’ ‘Notes’
‘QuestionSolutions’ ‘README.windows’ ‘Rsamples’ ‘TAGS’
‘Todo-orig.html’ ‘Todo.xml’ ‘VersionInfo’ ‘addFinalizer’ ‘checkLinks’
‘dotCalls’ ‘expat’ ‘index.html’ ‘index.html.in’ ‘libxml’
‘libxml2.9.R’ ‘scrapingData.xml’ ‘testRemoveFinalizers.R’
‘testRemoveFinalizers.c’ ‘xpathPointer.xml’
Flavors: r-devel-linux-x86_64-debian-clang, r-devel-linux-x86_64-debian-gcc, r-devel-linux-x86_64-fedora-clang, r-devel-linux-x86_64-fedora-gcc, r-patched-linux-x86_64, r-release-linux-x86_64
Version: 3.98-1.16
Check: foreign function calls
Result: NOTE
Registration problems:
Evaluating ‘if (runTime) "RS_XML_libxmlVersionRuntime" else "RS_XML_libxmlVersion"’ during check gives error
‘object ‘runTime’ not found’:
.Call(if (runTime) "RS_XML_libxmlVersionRuntime" else "RS_XML_libxmlVersion",
PACKAGE = "XML")
Evaluating ‘paste("R_libxmlTypeTable", SchemaRefFields[idx], sep = "_")’ during check gives error
‘object ‘idx’ not found’:
.Call(paste("R_libxmlTypeTable", SchemaRefFields[idx], sep = "_"),
x, PACKAGE = "XML")
See chapter ‘System and foreign language interfaces’ in the ‘Writing R
Extensions’ manual.
Flavors: r-devel-linux-x86_64-debian-clang, r-devel-linux-x86_64-debian-gcc, r-patched-linux-x86_64, r-release-linux-x86_64
Version: 3.98-1.16
Check: R code for possible problems
Result: NOTE
newXMLDoc: no visible binding for global variable ‘doc’
source: no visible binding for global variable ‘use_file’
xmlFlatListTree : f: no visible binding for global variable ‘nodeNames’
xmlFlatListTree : f: no visible binding for global variable ‘idx’
xmlFlatListTree : addNode: no visible binding for '<<-' assignment to
‘nodeSet’
xmlFlatListTree : addNode: no visible binding for global variable
‘nodeSet’
xmlFlatListTree : addNode: no visible binding for global variable ‘idx’
xmlFlatListTree : addNode: no visible binding for '<<-' assignment to
‘nodeNames’
xmlFlatListTree : addNode: no visible binding for global variable
‘nodeNames’
xmlFlatListTree : addNode: no visible binding for '<<-' assignment to
‘idx’
xmlFlatListTree : addNode: no visible binding for '<<-' assignment to
‘parentCount’
xmlFlatListTree : addNode: no visible binding for global variable
‘parentCount’
xmlFlatListTree : <anonymous>: no visible binding for global variable
‘e’
xmlFlatTree : <anonymous>: no visible binding for global variable ‘e’
Undefined global functions or variables:
doc e idx nodeNames nodeSet parentCount use_file
Flavors: r-devel-linux-x86_64-debian-clang, r-devel-linux-x86_64-debian-gcc, r-devel-linux-x86_64-fedora-clang, r-devel-linux-x86_64-fedora-gcc, r-devel-windows-ix86+x86_64, r-patched-linux-x86_64, r-patched-solaris-x86, r-release-linux-x86_64, r-release-windows-ix86+x86_64, r-release-osx-x86_64, r-oldrel-windows-ix86+x86_64, r-oldrel-osx-x86_64
Version: 3.98-1.16
Check: Rd line widths
Result: NOTE
Rd file 'makeClassTemplate.Rd':
\examples lines wider than 100 characters:
"<doc><part><name>ABC</name><type>XYZ</type><cost>3.54</cost><status>available</status></part></doc>"
Rd file 'xmlClone.Rd':
\examples lines wider than 100 characters:
xmlParse('<doc><author id="dtl"><firstname>Duncan</firstname><surname>Temple Lang</surname></author></doc>')
Rd file 'xmlToS4.Rd':
\examples lines wider than 100 characters:
"<doc><part><name>ABC</name><type>XYZ</type><cost>3.54</cost><status>available</status></part></doc>"
These lines will be truncated in the PDF manual.
Flavors: r-devel-linux-x86_64-debian-clang, r-devel-linux-x86_64-debian-gcc, r-devel-linux-x86_64-fedora-clang, r-devel-linux-x86_64-fedora-gcc, r-patched-linux-x86_64, r-release-linux-x86_64
Version: 3.98-1.16
Check: compiled code
Result: NOTE
File ‘XML/libs/XML.so’:
Found ‘stderr’, possibly from ‘stderr’ (C)
Object: ‘DocParse.o’
Compiled code should not call entry points which might terminate R nor
write to stdout/stderr instead of to the console, nor use Fortran I/O
nor system RNGs.
See ‘Writing portable packages’ in the ‘Writing R Extensions’ manual.
Flavors: r-devel-linux-x86_64-debian-clang, r-devel-linux-x86_64-debian-gcc, r-patched-linux-x86_64, r-release-linux-x86_64
Version: 3.98-1.16
Check: installed package size
Result: NOTE
installed size is 7.8Mb
sub-directories of 1Mb or more:
exampleData 1.6Mb
examples 4.6Mb
Flavors: r-devel-linux-x86_64-fedora-clang, r-devel-windows-ix86+x86_64, r-patched-solaris-x86, r-release-windows-ix86+x86_64, r-release-osx-x86_64, r-oldrel-windows-ix86+x86_64, r-oldrel-osx-x86_64