Last updated on 2019-01-19 00:46:15 CET.
Flavor | Version | Tinstall | Tcheck | Ttotal | Status | Flags |
---|---|---|---|---|---|---|
r-devel-linux-x86_64-debian-clang | 0.3.12 | 6.99 | 51.76 | 58.75 | OK | |
r-devel-linux-x86_64-debian-gcc | 0.3.12 | 4.67 | 40.19 | 44.86 | OK | |
r-devel-linux-x86_64-fedora-clang | 0.3.12 | 68.93 | NOTE | |||
r-devel-linux-x86_64-fedora-gcc | 0.3.12 | 64.37 | NOTE | |||
r-devel-windows-ix86+x86_64 | 0.3.12 | 27.00 | 112.00 | 139.00 | OK | |
r-patched-linux-x86_64 | 0.3.12 | 4.61 | 47.40 | 52.01 | OK | |
r-patched-solaris-x86 | 0.3.12 | 98.40 | NOTE | |||
r-release-linux-x86_64 | 0.3.12 | 5.03 | 47.74 | 52.77 | OK | |
r-release-windows-ix86+x86_64 | 0.3.12 | 16.00 | 109.00 | 125.00 | OK | |
r-release-osx-x86_64 | 0.3.12 | NOTE | ||||
r-oldrel-windows-ix86+x86_64 | 0.3.12 | 15.00 | 81.00 | 96.00 | OK | |
r-oldrel-osx-x86_64 | 0.3.12 | NOTE |
Version: 0.3.12
Check: dependencies in R code
Result: NOTE
Namespace in Imports field not imported from: ‘filehash’
All declared Imports should be used.
Flavors: r-devel-linux-x86_64-fedora-clang, r-devel-linux-x86_64-fedora-gcc, r-patched-solaris-x86, r-release-osx-x86_64, r-oldrel-osx-x86_64