Last updated on 2019-01-19 00:46:16 CET.
Flavor | Version | Tinstall | Tcheck | Ttotal | Status | Flags |
---|---|---|---|---|---|---|
r-devel-linux-x86_64-debian-clang | 1.4.7 | 53.00 | 110.87 | 163.87 | OK | |
r-devel-linux-x86_64-debian-gcc | 1.4.7 | 50.43 | 85.26 | 135.69 | OK | |
r-devel-linux-x86_64-fedora-clang | 1.4.7 | 222.37 | OK | |||
r-devel-linux-x86_64-fedora-gcc | 1.4.7 | 214.74 | OK | |||
r-devel-windows-ix86+x86_64 | 1.4.7 | 135.00 | 203.00 | 338.00 | OK | |
r-patched-linux-x86_64 | 1.4.7 | 64.25 | 104.74 | 168.99 | OK | |
r-patched-solaris-x86 | 1.4.7 | 225.90 | WARN | |||
r-release-linux-x86_64 | 1.4.7 | 63.21 | 103.60 | 166.81 | OK | |
r-release-windows-ix86+x86_64 | 1.4.7 | 134.00 | 195.00 | 329.00 | OK | |
r-release-osx-x86_64 | 1.4.7 | WARN | ||||
r-oldrel-windows-ix86+x86_64 | 1.4.7 | 131.00 | 163.00 | 294.00 | OK | |
r-oldrel-osx-x86_64 | 1.4.7 | WARN |
Version: 1.4.7
Check: package dependencies
Result: NOTE
Package suggested but not available for checking: ‘kebabs’
Flavors: r-patched-solaris-x86, r-release-osx-x86_64, r-oldrel-osx-x86_64
Version: 1.4.7
Check: re-building of vignette outputs
Result: WARN
Error in re-building vignettes:
...
Attaching package: 'apcluster'
The following object is masked from 'package:stats':
heatmap
Quitting from lines 387-408 (apcluster.Rnw)
Error: processing vignette 'apcluster.Rnw' failed with diagnostics:
object 'apres2c' not found
Execution halted
Flavors: r-patched-solaris-x86, r-release-osx-x86_64, r-oldrel-osx-x86_64