CRAN Package Check Results for Package arena2r

Last updated on 2019-01-19 00:46:16 CET.

Flavor Version Tinstall Tcheck Ttotal Status Flags
r-devel-linux-x86_64-debian-clang 1.0.0 1.38 30.88 32.26 OK
r-devel-linux-x86_64-debian-gcc 1.0.0 1.05 24.18 25.23 OK
r-devel-linux-x86_64-fedora-clang 1.0.0 38.16 NOTE
r-devel-linux-x86_64-fedora-gcc 1.0.0 36.16 NOTE
r-devel-windows-ix86+x86_64 1.0.0 6.00 64.00 70.00 OK
r-patched-linux-x86_64 1.0.0 1.24 28.29 29.53 OK
r-patched-solaris-x86 1.0.0 56.50 NOTE
r-release-linux-x86_64 1.0.0 1.32 28.27 29.59 OK
r-release-windows-ix86+x86_64 1.0.0 7.00 83.00 90.00 OK
r-release-osx-x86_64 1.0.0 NOTE
r-oldrel-windows-ix86+x86_64 1.0.0 6.00 66.00 72.00 OK
r-oldrel-osx-x86_64 1.0.0 NOTE

Check Details

Version: 1.0.0
Check: dependencies in R code
Result: NOTE
    Namespaces in Imports field not imported from:
     ‘purrr’ ‘shinyBS’ ‘shinydashboard’ ‘shinyjs’
     All declared Imports should be used.
Flavors: r-devel-linux-x86_64-fedora-clang, r-devel-linux-x86_64-fedora-gcc, r-patched-solaris-x86, r-release-osx-x86_64, r-oldrel-osx-x86_64