Last updated on 2019-01-19 00:46:16 CET.
Flavor | Version | Tinstall | Tcheck | Ttotal | Status | Flags |
---|---|---|---|---|---|---|
r-devel-linux-x86_64-debian-clang | 2.0.0 | 3.81 | 41.38 | 45.19 | OK | |
r-devel-linux-x86_64-debian-gcc | 2.0.0 | 2.76 | 33.88 | 36.64 | OK | |
r-devel-linux-x86_64-fedora-clang | 2.0.0 | 62.17 | OK | |||
r-devel-linux-x86_64-fedora-gcc | 2.0.0 | 60.92 | OK | |||
r-devel-windows-ix86+x86_64 | 2.0.0 | 7.00 | 60.00 | 67.00 | OK | --no-vignettes |
r-patched-linux-x86_64 | 2.0.0 | 2.10 | 38.67 | 40.77 | OK | |
r-patched-solaris-x86 | 2.0.0 | 58.60 | OK | --no-vignettes | ||
r-release-linux-x86_64 | 2.0.0 | 3.98 | 38.52 | 42.50 | OK | |
r-release-windows-ix86+x86_64 | 2.0.0 | 7.00 | 73.00 | 80.00 | OK | --no-vignettes |
r-release-osx-x86_64 | 2.0.0 | WARN | ||||
r-oldrel-windows-ix86+x86_64 | 2.0.0 | 6.00 | 45.00 | 51.00 | OK | --no-vignettes |
r-oldrel-osx-x86_64 | 2.0.0 | WARN |
Version: 2.0.0
Check: re-building of vignette outputs
Result: WARN
Error in re-building vignettes:
...
sh: +RTS: command not found
Warning in system(command) : error in running command
Error: processing vignette 'argparse.Rrst' failed with diagnostics:
pandoc document conversion failed with error 127
Execution halted
Flavor: r-release-osx-x86_64
Version: 2.0.0
Check: re-building of vignette outputs
Result: WARN
Error in re-building vignettes:
...
sh: +RTS: command not found
Error: processing vignette 'argparse.Rrst' failed with diagnostics:
pandoc document conversion failed with error 127
Execution halted
Flavor: r-oldrel-osx-x86_64