Last updated on 2019-01-19 00:46:16 CET.
Flavor | Version | Tinstall | Tcheck | Ttotal | Status | Flags |
---|---|---|---|---|---|---|
r-devel-linux-x86_64-debian-clang | 0.9.3 | 3.54 | 44.88 | 48.42 | OK | |
r-devel-linux-x86_64-debian-gcc | 0.9.3 | 3.14 | 39.19 | 42.33 | OK | |
r-devel-linux-x86_64-fedora-clang | 0.9.3 | 54.28 | NOTE | |||
r-devel-linux-x86_64-fedora-gcc | 0.9.3 | 60.41 | NOTE | |||
r-devel-windows-ix86+x86_64 | 0.9.3 | 10.00 | 92.00 | 102.00 | OK | |
r-patched-linux-x86_64 | 0.9.3 | 3.23 | 42.42 | 45.65 | OK | |
r-patched-solaris-x86 | 0.9.3 | 90.50 | NOTE | |||
r-release-linux-x86_64 | 0.9.3 | 4.23 | 41.45 | 45.68 | OK | |
r-release-windows-ix86+x86_64 | 0.9.3 | 10.00 | 92.00 | 102.00 | OK | |
r-release-osx-x86_64 | 0.9.3 | NOTE | ||||
r-oldrel-windows-ix86+x86_64 | 0.9.3 | 12.00 | 83.00 | 95.00 | OK | |
r-oldrel-osx-x86_64 | 0.9.3 | NOTE |
Version: 0.9.3
Check: dependencies in R code
Result: NOTE
Namespace in Imports field not imported from: ‘ranger’
All declared Imports should be used.
Flavors: r-devel-linux-x86_64-fedora-clang, r-devel-linux-x86_64-fedora-gcc, r-patched-solaris-x86, r-release-osx-x86_64, r-oldrel-osx-x86_64