Last updated on 2019-01-19 00:46:16 CET.
Flavor | Version | Tinstall | Tcheck | Ttotal | Status | Flags |
---|---|---|---|---|---|---|
r-devel-linux-x86_64-debian-clang | 1.0.7 | 4.37 | 51.45 | 55.82 | OK | |
r-devel-linux-x86_64-debian-gcc | 1.0.7 | 4.20 | 44.61 | 48.81 | OK | |
r-devel-linux-x86_64-fedora-clang | 1.0.7 | 60.16 | OK | |||
r-devel-linux-x86_64-fedora-gcc | 1.0.7 | 70.02 | OK | |||
r-devel-windows-ix86+x86_64 | 1.0.7 | 13.00 | 93.00 | 106.00 | NOTE | |
r-patched-linux-x86_64 | 1.0.7 | 4.59 | 49.35 | 53.94 | OK | |
r-patched-solaris-x86 | 1.0.7 | 113.40 | OK | |||
r-release-linux-x86_64 | 1.0.7 | 3.59 | 46.83 | 50.42 | OK | |
r-release-windows-ix86+x86_64 | 1.0.7 | 10.00 | 90.00 | 100.00 | NOTE | |
r-release-osx-x86_64 | 1.0.7 | OK | ||||
r-oldrel-windows-ix86+x86_64 | 1.0.7 | 11.00 | 59.00 | 70.00 | NOTE | |
r-oldrel-osx-x86_64 | 1.0.7 | OK |
Version: 1.0.7
Check: package dependencies
Result: NOTE
Packages which this enhances but not available for checking:
'doMC', 'rPython'
Flavor: r-devel-windows-ix86+x86_64
Version: 1.0.7
Check: package dependencies
Result: NOTE
Packages which this enhances but not available for checking:
'doMC' 'rPython'
Flavors: r-release-windows-ix86+x86_64, r-oldrel-windows-ix86+x86_64