CRAN Package Check Results for Package bcmaps

Last updated on 2019-01-19 00:46:17 CET.

Flavor Version Tinstall Tcheck Ttotal Status Flags
r-devel-linux-x86_64-debian-clang 0.17.1 1.65 38.52 40.17 NOTE
r-devel-linux-x86_64-debian-gcc 0.17.1 1.43 30.14 31.57 NOTE
r-devel-linux-x86_64-fedora-clang 0.17.1 47.78 NOTE
r-devel-linux-x86_64-fedora-gcc 0.17.1 46.23 NOTE
r-devel-windows-ix86+x86_64 0.17.1 6.00 77.00 83.00 NOTE
r-patched-linux-x86_64 0.17.1 1.85 35.46 37.31 NOTE
r-patched-solaris-x86 0.17.1 67.00 NOTE
r-release-linux-x86_64 0.17.1 1.82 33.73 35.55 NOTE
r-release-windows-ix86+x86_64 0.17.1 5.00 74.00 79.00 NOTE
r-release-osx-x86_64 0.17.1 NOTE
r-oldrel-windows-ix86+x86_64 0.17.1 4.00 66.00 70.00 NOTE
r-oldrel-osx-x86_64 0.17.1 NOTE

Check Details

Version: 0.17.1
Check: package dependencies
Result: NOTE
    Package suggested but not available for checking: ‘bcmaps.rdata’
Flavors: r-devel-linux-x86_64-debian-clang, r-devel-linux-x86_64-debian-gcc, r-devel-linux-x86_64-fedora-clang, r-devel-linux-x86_64-fedora-gcc, r-patched-linux-x86_64, r-patched-solaris-x86, r-release-linux-x86_64, r-release-osx-x86_64, r-oldrel-osx-x86_64

Version: 0.17.1
Check: package dependencies
Result: NOTE
    Packages suggested but not available for checking: 'bcmaps.rdata', 'doMC'
Flavor: r-devel-windows-ix86+x86_64

Version: 0.17.1
Check: package dependencies
Result: NOTE
    Packages suggested but not available for checking: 'bcmaps.rdata' 'doMC'
Flavors: r-release-windows-ix86+x86_64, r-oldrel-windows-ix86+x86_64