Last updated on 2019-01-19 00:46:17 CET.
Flavor | Version | Tinstall | Tcheck | Ttotal | Status | Flags |
---|---|---|---|---|---|---|
r-devel-linux-x86_64-debian-clang | 1.0.6 | 3.42 | 47.87 | 51.29 | OK | |
r-devel-linux-x86_64-debian-gcc | 1.0.6 | 3.37 | 36.94 | 40.31 | OK | |
r-devel-linux-x86_64-fedora-clang | 1.0.6 | 62.84 | NOTE | |||
r-devel-linux-x86_64-fedora-gcc | 1.0.6 | 57.13 | NOTE | |||
r-devel-windows-ix86+x86_64 | 1.0.6 | 17.00 | 107.00 | 124.00 | OK | |
r-patched-linux-x86_64 | 1.0.6 | 2.66 | 43.75 | 46.41 | OK | |
r-patched-solaris-x86 | 1.0.6 | 90.80 | NOTE | |||
r-release-linux-x86_64 | 1.0.6 | 3.31 | 43.80 | 47.11 | OK | |
r-release-windows-ix86+x86_64 | 1.0.6 | 15.00 | 86.00 | 101.00 | OK | |
r-release-osx-x86_64 | 1.0.6 | NOTE | ||||
r-oldrel-windows-ix86+x86_64 | 1.0.6 | 13.00 | 218.00 | 231.00 | WARN | |
r-oldrel-osx-x86_64 | 1.0.6 | NOTE |
Version: 1.0.6
Check: dependencies in R code
Result: NOTE
Namespaces in Imports field not imported from:
‘Rcpp’ ‘chron’ ‘colorspace’ ‘gtable’ ‘htmltools’ ‘htmlwidgets’
‘httpuv’ ‘magrittr’ ‘munsell’ ‘plyr’ ‘scales’ ‘stringi’ ‘xtable’
‘yaml’
All declared Imports should be used.
Flavors: r-devel-linux-x86_64-fedora-clang, r-devel-linux-x86_64-fedora-gcc, r-patched-solaris-x86, r-release-osx-x86_64, r-oldrel-osx-x86_64
Version: 1.0.6
Check: whether package can be installed
Result: WARN
Found the following significant warnings:
Warning: S3 methods '[.fun_list', '[.grouped_df', 'all.equal.tbl_df', 'anti_join.data.frame', 'anti_join.tbl_df', 'arrange.data.frame', 'arrange.default', 'arrange.grouped_df', 'arrange.tbl_df', 'arrange_.data.frame', 'arrange_.tbl_df', 'as.data.frame.grouped_df', 'as.data.frame.rowwise_df', 'as.data.frame.tbl_cube', 'as.table.tbl_cube', 'as.tbl.data.frame', 'as.tbl.tbl', 'as.tbl_cube.array', 'as.tbl_cube.data.frame', 'as.tbl_cube.matrix', 'as.tbl_cube.table', 'as_tibble.grouped_df', 'as_tibble.tbl_cube', 'auto_copy.tbl_cube', 'auto_copy.tbl_df', 'cbind.grouped_df', 'collapse.data.frame', 'collect.data.frame', 'common_by.NULL', 'common_by.character', 'common_by.default', 'common_by.list', 'compute.data.frame', 'copy_to.DBIConnection', 'copy_to.src_local', 'default_missing.data.frame', 'default_missing.default', 'dim.tbl_cube', 'distinct.data.frame', 'distinct.default', 'distinct.grouped_df', 'distinct.tbl_df', 'distinct_.data.frame', 'distinct_.grouped_df', 'distinct_.tbl_df', 'do.NULL', 'do.da [... truncated]
Flavor: r-oldrel-windows-ix86+x86_64