CRAN Package Check Results for Package betalink

Last updated on 2019-01-19 00:46:17 CET.

Flavor Version Tinstall Tcheck Ttotal Status Flags
r-devel-linux-x86_64-debian-clang 2.2.1 1.69 19.92 21.61 NOTE
r-devel-linux-x86_64-debian-gcc 2.2.1 0.96 16.12 17.08 NOTE
r-devel-linux-x86_64-fedora-clang 2.2.1 27.29 NOTE
r-devel-linux-x86_64-fedora-gcc 2.2.1 24.67 NOTE
r-devel-windows-ix86+x86_64 2.2.1 6.00 47.00 53.00 NOTE
r-patched-linux-x86_64 2.2.1 1.49 18.66 20.15 NOTE
r-patched-solaris-x86 2.2.1 43.80 NOTE
r-release-linux-x86_64 2.2.1 1.47 18.66 20.13 NOTE
r-release-windows-ix86+x86_64 2.2.1 4.00 45.00 49.00 NOTE
r-release-osx-x86_64 2.2.1 NOTE
r-oldrel-windows-ix86+x86_64 2.2.1 4.00 29.00 33.00 NOTE
r-oldrel-osx-x86_64 2.2.1 NOTE

Check Details

Version: 2.2.1
Check: DESCRIPTION meta-information
Result: NOTE
    Checking should be performed on sources prepared by ‘R CMD build’.
Flavors: r-devel-linux-x86_64-debian-clang, r-devel-linux-x86_64-debian-gcc, r-devel-linux-x86_64-fedora-clang, r-devel-linux-x86_64-fedora-gcc, r-devel-windows-ix86+x86_64, r-patched-linux-x86_64, r-patched-solaris-x86, r-release-linux-x86_64, r-release-windows-ix86+x86_64, r-release-osx-x86_64, r-oldrel-windows-ix86+x86_64, r-oldrel-osx-x86_64