Last updated on 2019-01-19 00:46:18 CET.
Flavor | Version | Tinstall | Tcheck | Ttotal | Status | Flags |
---|---|---|---|---|---|---|
r-devel-linux-x86_64-debian-clang | 0.4.1 | 84.60 | 108.39 | 192.99 | NOTE | |
r-devel-linux-x86_64-debian-gcc | 0.4.1 | 73.27 | 76.01 | 149.28 | NOTE | |
r-devel-linux-x86_64-fedora-clang | 0.4.1 | 273.11 | NOTE | |||
r-devel-linux-x86_64-fedora-gcc | 0.4.1 | 249.27 | NOTE | |||
r-devel-windows-ix86+x86_64 | 0.4.1 | 269.00 | 248.00 | 517.00 | NOTE | |
r-patched-linux-x86_64 | 0.4.1 | 91.63 | 99.51 | 191.14 | OK | |
r-patched-solaris-x86 | 0.4.1 | 234.20 | OK | |||
r-release-linux-x86_64 | 0.4.1 | 94.39 | 99.17 | 193.56 | OK | |
r-release-windows-ix86+x86_64 | 0.4.1 | 247.00 | 247.00 | 494.00 | OK | |
r-release-osx-x86_64 | 0.4.1 | NOTE | ||||
r-oldrel-windows-ix86+x86_64 | 0.4.1 | 265.00 | 235.00 | 500.00 | OK | |
r-oldrel-osx-x86_64 | 0.4.1 | NOTE |
Version: 0.4.1
Check: line endings in C/C++/Fortran sources/headers
Result: NOTE
Found the following sources/headers not terminated with a newline:
inst/include/basic-misc.h
inst/include/infer.h
inst/include/multidim-array.h
Some compilers warn on such files.
Flavors: r-devel-linux-x86_64-debian-clang, r-devel-linux-x86_64-debian-gcc, r-devel-linux-x86_64-fedora-clang, r-devel-linux-x86_64-fedora-gcc, r-devel-windows-ix86+x86_64
Version: 0.4.1
Check: installed package size
Result: NOTE
installed size is 7.7Mb
sub-directories of 1Mb or more:
libs 6.8Mb
Flavors: r-devel-linux-x86_64-fedora-clang, r-release-osx-x86_64, r-oldrel-osx-x86_64