Last updated on 2019-01-19 00:46:18 CET.
Flavor | Version | Tinstall | Tcheck | Ttotal | Status | Flags |
---|---|---|---|---|---|---|
r-devel-linux-x86_64-debian-clang | 0.8.6 | 3.10 | 36.95 | 40.05 | OK | |
r-devel-linux-x86_64-debian-gcc | 0.8.6 | 2.21 | 29.43 | 31.64 | OK | |
r-devel-linux-x86_64-fedora-clang | 0.8.6 | 47.94 | OK | |||
r-devel-linux-x86_64-fedora-gcc | 0.8.6 | 44.83 | OK | |||
r-devel-windows-ix86+x86_64 | 0.8.6 | 7.00 | 70.00 | 77.00 | OK | |
r-patched-linux-x86_64 | 0.8.6 | 2.85 | 34.66 | 37.51 | OK | |
r-patched-solaris-x86 | 0.8.6 | 76.70 | OK | |||
r-release-linux-x86_64 | 0.8.6 | 2.85 | 34.49 | 37.34 | OK | |
r-release-windows-ix86+x86_64 | 0.8.6 | 6.00 | 77.00 | 83.00 | OK | |
r-release-osx-x86_64 | 0.8.6 | NOTE | ||||
r-oldrel-windows-ix86+x86_64 | 0.8.6 | 7.00 | 50.00 | 57.00 | OK | |
r-oldrel-osx-x86_64 | 0.8.6 | ERROR |
Version: 0.8.6
Check: package dependencies
Result: NOTE
Package suggested but not available for checking: ‘sangerseqR’
Flavor: r-release-osx-x86_64
Version: 0.8.6
Check: package dependencies
Result: NOTE
Packages suggested but not available for checking: ‘sangerseqR’ ‘vcr’
Flavor: r-oldrel-osx-x86_64
Version: 0.8.6
Check: tests
Result: ERROR
Running ‘test-all.R’ [1s/1s]
Running the tests in ‘tests/test-all.R’ failed.
Complete output:
> library(testthat)
> test_check('bold')
Loading required package: bold
Error in library("vcr") : there is no package called 'vcr'
Calls: test_check ... source_dir -> lapply -> FUN -> eval -> eval -> library
Execution halted
Flavor: r-oldrel-osx-x86_64